{"id":22,"date":"2025-05-28T17:31:33","date_gmt":"2025-05-28T15:31:33","guid":{"rendered":"https:\/\/libreriaelerrante.com\/tienda\/?post_type=product&#038;p=22"},"modified":"2025-06-04T20:24:04","modified_gmt":"2025-06-04T18:24:04","slug":"star-wars-darth-vader-lord-oscuro-no-03","status":"publish","type":"product","link":"https:\/\/libreriaelerrante.com\/tienda\/star-wars-darth-vader-lord-oscuro-no-03\/","title":{"rendered":"Star Wars Darth Vader Lord Oscuro N\u00ba 03"},"content":{"rendered":"<pre id=\"tw-target-text\" class=\"tw-data-text tw-text-large tw-ta\" dir=\"ltr\" data-placeholder=\"Traducci\u00f3n\" data-ved=\"2ahUKEwjA5viVuMaNAxVVK_sDHUNOPR4Q3ewLegQICRAV\" aria-label=\"Texto traducido: Descubre el Lado Oscuro de la Fuerza Libera el poder del Lado Oscuro con la \u00faltima entrega del universo de Star Wars: Darth Vader II \u2013 Lord Oscuro. Publicado el 29 de octubre de 2019, este cautivador c\u00f3mic ofrece una narrativa cautivadora llena de aventura e intriga. Cada p\u00e1gina te adentra en la vasta galaxia, revelando la compleja personalidad de Darth Vader como nunca antes la hab\u00edas visto. Presentaci\u00f3n de alta calidad Esta edici\u00f3n de tapa dura, con una encuadernaci\u00f3n impecable y sin sobrecubierta, garantiza que tu c\u00f3mic no solo sea una lectura, sino tambi\u00e9n una pieza de colecci\u00f3n que destacar\u00e1 en tu estanter\u00eda. Con un formato de 16,8 x 25,7 cm, es perfecto tanto para exposici\u00f3n como para lectura. Las vibrantes ilustraciones a color de sus 152 p\u00e1ginas est\u00e1n dise\u00f1adas con gran detalle para enriquecer tu experiencia, llenando de vida cada vi\u00f1eta. Traducci\u00f3n y publicaci\u00f3n expertas Traducida por el talentoso V\u00edctor Manuel Garc\u00eda de Isusi, esta edici\u00f3n conserva la esencia de la narrativa original, haci\u00e9ndola accesible a un p\u00fablico m\u00e1s amplio. Publicada por Planeta C\u00f3mic, una marca muy respetada en la industria del c\u00f3mic, esta serie promete calidad y engancha. Este c\u00f3mic es una orgullosa incorporaci\u00f3n a la colecci\u00f3n Star Wars: C\u00f3mics, que garantiza que los fans puedan disfrutar del viaje de Darth Vader en todo su esplendor. Con ilustraciones a color y texto integrados que complementan la impresionante narrativa visual, no querr\u00e1s perderte esta maravilla del mundo del c\u00f3mic.\"><\/pre>\n<p>&nbsp;<\/p>\n","protected":false},"excerpt":{"rendered":"<p class=\"FichaLibro_section__title__BJeV7\">Sinopsis de\u00a0<strong>Star Wars Darth Vader Lord Oscuro Tomo n\u00ba 03\/04<\/strong><\/p>\n<div class=\"FichaLibro_sinopsis__text__rNQrN\">\n<div class=\"LeerMas_leerMas__nQ_Er \">\n<div class=\"LeerMas_leerMas__innerWrapper__pG_jW\">\n<article>Pen\u00faltimo tomo recopilatorio.A medida que el dominio del Imperio se tensa sobre la galaxia , comienzan los disturbios de una rebeli\u00f3n en el sistema Mon Cala . El temible Darth Vader sabe que el orden debe mantenerse a toda costa, y esta vez el trabajo de apagar la esperanza recae en Vader, sus inquisidores &#8230; \u00a1y Wilhuff Tarkin ! Traer a Mon Cala al tal\u00f3n significa encontrar a los Jedi sobrevivientes que fomentan estos disturbios. No se puede tolerar la rebeli\u00f3n &#8230; pero \u00bfhasta d\u00f3nde llegar\u00e1 Vader para completar su misi\u00f3n?<\/article>\n<\/div>\n<\/div>\n<\/div>\n","protected":false},"featured_media":68,"comment_status":"open","ping_status":"closed","template":"","meta":{"iawp_total_views":3},"product_brand":[],"product_cat":[21],"product_tag":[],"class_list":{"0":"post-22","1":"product","2":"type-product","3":"status-publish","4":"has-post-thumbnail","6":"product_cat-comics","8":"first","9":"instock","10":"sale","11":"shipping-taxable","12":"purchasable","13":"product-type-simple"},"yoast_head":"<!-- This site is optimized with the Yoast SEO plugin v27.4 - https:\/\/yoast.com\/product\/yoast-seo-wordpress\/ -->\n<title>Star Wars Darth Vader Lord Oscuro N\u00ba 03 | Librer\u00eda El Errante<\/title>\n<meta name=\"robots\" content=\"index, follow, max-snippet:-1, max-image-preview:large, max-video-preview:-1\" \/>\n<link rel=\"canonical\" href=\"https:\/\/libreriaelerrante.com\/tienda\/star-wars-darth-vader-lord-oscuro-no-03\/\" \/>\n<meta property=\"og:locale\" content=\"es_ES\" \/>\n<meta property=\"og:type\" content=\"article\" \/>\n<meta property=\"og:title\" content=\"Star Wars Darth Vader Lord Oscuro N\u00ba 03 | Librer\u00eda El Errante\" \/>\n<meta property=\"og:description\" content=\"Sinopsis de\u00a0Star Wars Darth Vader Lord Oscuro Tomo n\u00ba 03\/04    Pen\u00faltimo tomo recopilatorio.A medida que el dominio del Imperio se tensa sobre la galaxia , comienzan los disturbios de una rebeli\u00f3n en el sistema Mon Cala . El temible Darth Vader sabe que el orden debe mantenerse a toda costa, y esta vez el trabajo de apagar la esperanza recae en Vader, sus inquisidores ... \u00a1y Wilhuff Tarkin ! Traer a Mon Cala al tal\u00f3n significa encontrar a los Jedi sobrevivientes que fomentan estos disturbios. No se puede tolerar la rebeli\u00f3n ... pero \u00bfhasta d\u00f3nde llegar\u00e1 Vader para completar su misi\u00f3n?\" \/>\n<meta property=\"og:url\" content=\"https:\/\/libreriaelerrante.com\/tienda\/star-wars-darth-vader-lord-oscuro-no-03\/\" \/>\n<meta property=\"og:site_name\" content=\"Librer\u00eda El Errante\" \/>\n<meta property=\"article:modified_time\" content=\"2025-06-04T18:24:04+00:00\" \/>\n<meta property=\"og:image\" content=\"https:\/\/libreriaelerrante.com\/tienda\/wp-content\/uploads\/2025\/05\/978841341152.jpeg\" \/>\n\t<meta property=\"og:image:width\" content=\"680\" \/>\n\t<meta property=\"og:image:height\" content=\"1050\" \/>\n\t<meta property=\"og:image:type\" content=\"image\/jpeg\" \/>\n<meta name=\"twitter:card\" content=\"summary_large_image\" \/>\n<script type=\"application\/ld+json\" class=\"yoast-schema-graph\">{\"@context\":\"https:\\\/\\\/schema.org\",\"@graph\":[{\"@type\":\"WebPage\",\"@id\":\"https:\\\/\\\/libreriaelerrante.com\\\/tienda\\\/star-wars-darth-vader-lord-oscuro-no-03\\\/\",\"url\":\"https:\\\/\\\/libreriaelerrante.com\\\/tienda\\\/star-wars-darth-vader-lord-oscuro-no-03\\\/\",\"name\":\"Star Wars Darth Vader Lord Oscuro N\u00ba 03 | Librer\u00eda El Errante\",\"isPartOf\":{\"@id\":\"https:\\\/\\\/libreriaelerrante.com\\\/tienda\\\/#website\"},\"primaryImageOfPage\":{\"@id\":\"https:\\\/\\\/libreriaelerrante.com\\\/tienda\\\/star-wars-darth-vader-lord-oscuro-no-03\\\/#primaryimage\"},\"image\":{\"@id\":\"https:\\\/\\\/libreriaelerrante.com\\\/tienda\\\/star-wars-darth-vader-lord-oscuro-no-03\\\/#primaryimage\"},\"thumbnailUrl\":\"https:\\\/\\\/libreriaelerrante.com\\\/tienda\\\/wp-content\\\/uploads\\\/2025\\\/05\\\/978841341152.jpeg\",\"datePublished\":\"2025-05-28T15:31:33+00:00\",\"dateModified\":\"2025-06-04T18:24:04+00:00\",\"breadcrumb\":{\"@id\":\"https:\\\/\\\/libreriaelerrante.com\\\/tienda\\\/star-wars-darth-vader-lord-oscuro-no-03\\\/#breadcrumb\"},\"inLanguage\":\"es\",\"potentialAction\":[{\"@type\":\"ReadAction\",\"target\":[\"https:\\\/\\\/libreriaelerrante.com\\\/tienda\\\/star-wars-darth-vader-lord-oscuro-no-03\\\/\"]}]},{\"@type\":\"ImageObject\",\"inLanguage\":\"es\",\"@id\":\"https:\\\/\\\/libreriaelerrante.com\\\/tienda\\\/star-wars-darth-vader-lord-oscuro-no-03\\\/#primaryimage\",\"url\":\"https:\\\/\\\/libreriaelerrante.com\\\/tienda\\\/wp-content\\\/uploads\\\/2025\\\/05\\\/978841341152.jpeg\",\"contentUrl\":\"https:\\\/\\\/libreriaelerrante.com\\\/tienda\\\/wp-content\\\/uploads\\\/2025\\\/05\\\/978841341152.jpeg\",\"width\":680,\"height\":1050},{\"@type\":\"BreadcrumbList\",\"@id\":\"https:\\\/\\\/libreriaelerrante.com\\\/tienda\\\/star-wars-darth-vader-lord-oscuro-no-03\\\/#breadcrumb\",\"itemListElement\":[{\"@type\":\"ListItem\",\"position\":1,\"name\":\"Inicio\",\"item\":\"https:\\\/\\\/libreriaelerrante.com\\\/tienda\\\/\"},{\"@type\":\"ListItem\",\"position\":2,\"name\":\"Productos\",\"item\":\"https:\\\/\\\/libreriaelerrante.com\\\/tienda\\\/shop\\\/\"},{\"@type\":\"ListItem\",\"position\":3,\"name\":\"Librer\u00eda\",\"item\":\"https:\\\/\\\/libreriaelerrante.com\\\/tienda\\\/libreria\\\/\"},{\"@type\":\"ListItem\",\"position\":4,\"name\":\"C\u00f3mics\",\"item\":\"https:\\\/\\\/libreriaelerrante.com\\\/tienda\\\/libreria\\\/comics\\\/\"},{\"@type\":\"ListItem\",\"position\":5,\"name\":\"Star Wars Darth Vader Lord Oscuro N\u00ba 03\"}]},{\"@type\":\"WebSite\",\"@id\":\"https:\\\/\\\/libreriaelerrante.com\\\/tienda\\\/#website\",\"url\":\"https:\\\/\\\/libreriaelerrante.com\\\/tienda\\\/\",\"name\":\"Librer\u00eda El Errante\",\"description\":\"\",\"publisher\":{\"@id\":\"https:\\\/\\\/libreriaelerrante.com\\\/tienda\\\/#organization\"},\"potentialAction\":[{\"@type\":\"SearchAction\",\"target\":{\"@type\":\"EntryPoint\",\"urlTemplate\":\"https:\\\/\\\/libreriaelerrante.com\\\/tienda\\\/?s={search_term_string}\"},\"query-input\":{\"@type\":\"PropertyValueSpecification\",\"valueRequired\":true,\"valueName\":\"search_term_string\"}}],\"inLanguage\":\"es\"},{\"@type\":\"Organization\",\"@id\":\"https:\\\/\\\/libreriaelerrante.com\\\/tienda\\\/#organization\",\"name\":\"Librer\u00eda El Errante\",\"url\":\"https:\\\/\\\/libreriaelerrante.com\\\/tienda\\\/\",\"logo\":{\"@type\":\"ImageObject\",\"inLanguage\":\"es\",\"@id\":\"https:\\\/\\\/libreriaelerrante.com\\\/tienda\\\/#\\\/schema\\\/logo\\\/image\\\/\",\"url\":\"https:\\\/\\\/libreriaelerrante.com\\\/tienda\\\/wp-content\\\/uploads\\\/2025\\\/05\\\/1-1.png\",\"contentUrl\":\"https:\\\/\\\/libreriaelerrante.com\\\/tienda\\\/wp-content\\\/uploads\\\/2025\\\/05\\\/1-1.png\",\"width\":512,\"height\":512,\"caption\":\"Librer\u00eda El Errante\"},\"image\":{\"@id\":\"https:\\\/\\\/libreriaelerrante.com\\\/tienda\\\/#\\\/schema\\\/logo\\\/image\\\/\"}}]}<\/script>\n<!-- \/ Yoast SEO plugin. -->","yoast_head_json":{"title":"Star Wars Darth Vader Lord Oscuro N\u00ba 03 | Librer\u00eda El Errante","robots":{"index":"index","follow":"follow","max-snippet":"max-snippet:-1","max-image-preview":"max-image-preview:large","max-video-preview":"max-video-preview:-1"},"canonical":"https:\/\/libreriaelerrante.com\/tienda\/star-wars-darth-vader-lord-oscuro-no-03\/","og_locale":"es_ES","og_type":"article","og_title":"Star Wars Darth Vader Lord Oscuro N\u00ba 03 | Librer\u00eda El Errante","og_description":"Sinopsis de\u00a0Star Wars Darth Vader Lord Oscuro Tomo n\u00ba 03\/04    Pen\u00faltimo tomo recopilatorio.A medida que el dominio del Imperio se tensa sobre la galaxia , comienzan los disturbios de una rebeli\u00f3n en el sistema Mon Cala . El temible Darth Vader sabe que el orden debe mantenerse a toda costa, y esta vez el trabajo de apagar la esperanza recae en Vader, sus inquisidores ... \u00a1y Wilhuff Tarkin ! Traer a Mon Cala al tal\u00f3n significa encontrar a los Jedi sobrevivientes que fomentan estos disturbios. No se puede tolerar la rebeli\u00f3n ... pero \u00bfhasta d\u00f3nde llegar\u00e1 Vader para completar su misi\u00f3n?","og_url":"https:\/\/libreriaelerrante.com\/tienda\/star-wars-darth-vader-lord-oscuro-no-03\/","og_site_name":"Librer\u00eda El Errante","article_modified_time":"2025-06-04T18:24:04+00:00","og_image":[{"width":680,"height":1050,"url":"https:\/\/libreriaelerrante.com\/tienda\/wp-content\/uploads\/2025\/05\/978841341152.jpeg","type":"image\/jpeg"}],"twitter_card":"summary_large_image","schema":{"@context":"https:\/\/schema.org","@graph":[{"@type":"WebPage","@id":"https:\/\/libreriaelerrante.com\/tienda\/star-wars-darth-vader-lord-oscuro-no-03\/","url":"https:\/\/libreriaelerrante.com\/tienda\/star-wars-darth-vader-lord-oscuro-no-03\/","name":"Star Wars Darth Vader Lord Oscuro N\u00ba 03 | Librer\u00eda El Errante","isPartOf":{"@id":"https:\/\/libreriaelerrante.com\/tienda\/#website"},"primaryImageOfPage":{"@id":"https:\/\/libreriaelerrante.com\/tienda\/star-wars-darth-vader-lord-oscuro-no-03\/#primaryimage"},"image":{"@id":"https:\/\/libreriaelerrante.com\/tienda\/star-wars-darth-vader-lord-oscuro-no-03\/#primaryimage"},"thumbnailUrl":"https:\/\/libreriaelerrante.com\/tienda\/wp-content\/uploads\/2025\/05\/978841341152.jpeg","datePublished":"2025-05-28T15:31:33+00:00","dateModified":"2025-06-04T18:24:04+00:00","breadcrumb":{"@id":"https:\/\/libreriaelerrante.com\/tienda\/star-wars-darth-vader-lord-oscuro-no-03\/#breadcrumb"},"inLanguage":"es","potentialAction":[{"@type":"ReadAction","target":["https:\/\/libreriaelerrante.com\/tienda\/star-wars-darth-vader-lord-oscuro-no-03\/"]}]},{"@type":"ImageObject","inLanguage":"es","@id":"https:\/\/libreriaelerrante.com\/tienda\/star-wars-darth-vader-lord-oscuro-no-03\/#primaryimage","url":"https:\/\/libreriaelerrante.com\/tienda\/wp-content\/uploads\/2025\/05\/978841341152.jpeg","contentUrl":"https:\/\/libreriaelerrante.com\/tienda\/wp-content\/uploads\/2025\/05\/978841341152.jpeg","width":680,"height":1050},{"@type":"BreadcrumbList","@id":"https:\/\/libreriaelerrante.com\/tienda\/star-wars-darth-vader-lord-oscuro-no-03\/#breadcrumb","itemListElement":[{"@type":"ListItem","position":1,"name":"Inicio","item":"https:\/\/libreriaelerrante.com\/tienda\/"},{"@type":"ListItem","position":2,"name":"Productos","item":"https:\/\/libreriaelerrante.com\/tienda\/shop\/"},{"@type":"ListItem","position":3,"name":"Librer\u00eda","item":"https:\/\/libreriaelerrante.com\/tienda\/libreria\/"},{"@type":"ListItem","position":4,"name":"C\u00f3mics","item":"https:\/\/libreriaelerrante.com\/tienda\/libreria\/comics\/"},{"@type":"ListItem","position":5,"name":"Star Wars Darth Vader Lord Oscuro N\u00ba 03"}]},{"@type":"WebSite","@id":"https:\/\/libreriaelerrante.com\/tienda\/#website","url":"https:\/\/libreriaelerrante.com\/tienda\/","name":"Librer\u00eda El Errante","description":"","publisher":{"@id":"https:\/\/libreriaelerrante.com\/tienda\/#organization"},"potentialAction":[{"@type":"SearchAction","target":{"@type":"EntryPoint","urlTemplate":"https:\/\/libreriaelerrante.com\/tienda\/?s={search_term_string}"},"query-input":{"@type":"PropertyValueSpecification","valueRequired":true,"valueName":"search_term_string"}}],"inLanguage":"es"},{"@type":"Organization","@id":"https:\/\/libreriaelerrante.com\/tienda\/#organization","name":"Librer\u00eda El Errante","url":"https:\/\/libreriaelerrante.com\/tienda\/","logo":{"@type":"ImageObject","inLanguage":"es","@id":"https:\/\/libreriaelerrante.com\/tienda\/#\/schema\/logo\/image\/","url":"https:\/\/libreriaelerrante.com\/tienda\/wp-content\/uploads\/2025\/05\/1-1.png","contentUrl":"https:\/\/libreriaelerrante.com\/tienda\/wp-content\/uploads\/2025\/05\/1-1.png","width":512,"height":512,"caption":"Librer\u00eda El Errante"},"image":{"@id":"https:\/\/libreriaelerrante.com\/tienda\/#\/schema\/logo\/image\/"}}]}},"_links":{"self":[{"href":"https:\/\/libreriaelerrante.com\/tienda\/wp-json\/wp\/v2\/product\/22","targetHints":{"allow":["GET"]}}],"collection":[{"href":"https:\/\/libreriaelerrante.com\/tienda\/wp-json\/wp\/v2\/product"}],"about":[{"href":"https:\/\/libreriaelerrante.com\/tienda\/wp-json\/wp\/v2\/types\/product"}],"replies":[{"embeddable":true,"href":"https:\/\/libreriaelerrante.com\/tienda\/wp-json\/wp\/v2\/comments?post=22"}],"wp:featuredmedia":[{"embeddable":true,"href":"https:\/\/libreriaelerrante.com\/tienda\/wp-json\/wp\/v2\/media\/68"}],"wp:attachment":[{"href":"https:\/\/libreriaelerrante.com\/tienda\/wp-json\/wp\/v2\/media?parent=22"}],"wp:term":[{"taxonomy":"product_brand","embeddable":true,"href":"https:\/\/libreriaelerrante.com\/tienda\/wp-json\/wp\/v2\/product_brand?post=22"},{"taxonomy":"product_cat","embeddable":true,"href":"https:\/\/libreriaelerrante.com\/tienda\/wp-json\/wp\/v2\/product_cat?post=22"},{"taxonomy":"product_tag","embeddable":true,"href":"https:\/\/libreriaelerrante.com\/tienda\/wp-json\/wp\/v2\/product_tag?post=22"}],"curies":[{"name":"wp","href":"https:\/\/api.w.org\/{rel}","templated":true}]}}