{"id":1276,"date":"2025-08-28T19:02:40","date_gmt":"2025-08-28T17:02:40","guid":{"rendered":"https:\/\/libreriaelerrante.com\/tienda\/?post_type=product&#038;p=1276"},"modified":"2026-04-28T17:59:36","modified_gmt":"2026-04-28T15:59:36","slug":"silvercloak-la-profecia","status":"publish","type":"product","link":"https:\/\/libreriaelerrante.com\/tienda\/silvercloak-la-profecia\/","title":{"rendered":"Silvercloak: La profec\u00eda"},"content":{"rendered":"","protected":false},"excerpt":{"rendered":"<p><em>***PRIMERA EDICI\u00d3N ESPECIAL LIMITADA EN TAPA DURA CON SOBRECUBIERTA Y CANTOS PINTADOS***<\/em><\/p>\n<h2>Sinopsis<\/h2>\n<p>\u00bfDel placer o del dolor?<\/p>\n<p>\u00bfDe d\u00f3nde proviene tu magia?<\/p>\n<p>Hace dos d\u00e9cadas, los Lunas de Sangre asesinaron de forma despiadada a los\u00a0padres de Saffron Killoran, lo que destroz\u00f3 su id\u00edlica infancia. Decidida a vengarse,\u00a0Saffron se abre paso a base de mentiras hasta la Academia de los Capas\u00a0Arg\u00e9nteas, la instituci\u00f3n donde entrenan los detectives de \u00e9lite de su ciudad,\u00a0con un solo objetivo: llevar a los Lunas de Sangre ante la justicia.<\/p>\n<p>Sin embargo, cuando sus mentiras quedan al descubierto, en lugar de ser expulsada,\u00a0recibe una oportunidad \u00fanica: infiltrarse en la organizaci\u00f3n de los\u00a0Lunas de Sangre y acabar con ella desde dentro.<\/p>\n<p>Al sumergirse en un mundo en el que el placer y el dolor son las monedas de\u00a0cambio m\u00e1s poderosas, deber\u00e1 cometer actos verdaderamente atroces para\u00a0mantenerse con vida. No solo tendr\u00e1 que enfrentarse a bandas rivales y siniestras\u00a0redes de contrabando, sino tambi\u00e9n a los sentimientos que alberga hacia\u00a0el atormentado hijo del cabecilla, su pasado oscuro y la curiosa profec\u00eda que\u00a0predijo que \u00e9l morir\u00eda a manos de ella.<\/p>\n<p>Con cada d\u00eda que pasa poniendo a prueba sus lealtades, Saffron descubre que\u00a0cada vez le resulta m\u00e1s dif\u00edcil tejer su red de mentiras y, cuando un paso en falso\u00a0est\u00e1 a punto de destruir todo y a todos a los que ha amado, la detective que\u00a0ha dedicado toda su vida a la venganza tal vez tenga que morir por ella.<\/p>\n<blockquote><p>\u00abCon un mundo inmersivo, personajes\u00a0cautivadores e imperfectos y una exploraci\u00f3n\u00a0precisa de lo que significa tener moral\u00a0en un mundo indiferente,\u00a0<i>Silvercloak: La profec\u00eda<\/i>\u00a0de L.K. Steven es una novela de fantas\u00eda\u00a0deslumbrante (y, a menudo, muy sensual).\u00a0L\u00e9ela y \u00fanete a mi pregunta:\u00a0\u00bfpara cu\u00e1ndo el segundo libro?\u00bb.\u00a0<b>KIERSTEN WHITE, autora\u00a0<i>best seller<\/i>\u00a0del\u00a0<i>New York Times<\/i>\u00a0de\u00a0<i>Lucy inmortal<\/i><\/b><\/p>\n<p>\u00abUna de las mejores novelas de fantas\u00eda\u00a0que he le\u00eddo jam\u00e1s\u00bb.\u00a0<b>JORDAN STEPHANIE GRAY,\u00a0autora de\u00a0<i>Bitten (Mordida)<\/i><\/b><\/p><\/blockquote>\n","protected":false},"featured_media":1277,"comment_status":"open","ping_status":"closed","template":"","meta":{"iawp_total_views":4},"product_brand":[],"product_cat":[24,19],"product_tag":[],"class_list":{"0":"post-1276","1":"product","2":"type-product","3":"status-publish","4":"has-post-thumbnail","6":"product_cat-ficcion","7":"product_cat-novelas","8":"pa_autor-l-k-steven-laura-steven","10":"first","11":"outofstock","12":"sale","13":"shipping-taxable","14":"purchasable","15":"product-type-simple"},"yoast_head":"<!-- This site is optimized with the Yoast SEO plugin v27.4 - https:\/\/yoast.com\/product\/yoast-seo-wordpress\/ -->\n<title>Silvercloak: La profec\u00eda | Librer\u00eda El Errante<\/title>\n<meta name=\"description\" content=\"En Silvercloak: La profec\u00eda, L. K. Steven | Laura Steven presenta una \u00e9pica fantas\u00eda llena de magia, secretos antiguos y h\u00e9roes destinados a salvar reinos.\" \/>\n<meta name=\"robots\" content=\"index, follow, max-snippet:-1, max-image-preview:large, max-video-preview:-1\" \/>\n<link rel=\"canonical\" href=\"https:\/\/libreriaelerrante.com\/tienda\/silvercloak-la-profecia\/\" \/>\n<meta property=\"og:locale\" content=\"es_ES\" \/>\n<meta property=\"og:type\" content=\"article\" \/>\n<meta property=\"og:title\" content=\"Silvercloak: La profec\u00eda | Librer\u00eda El Errante\" \/>\n<meta property=\"og:description\" content=\"En Silvercloak: La profec\u00eda, L. K. Steven | Laura Steven presenta una \u00e9pica fantas\u00eda llena de magia, secretos antiguos y h\u00e9roes destinados a salvar reinos.\" \/>\n<meta property=\"og:url\" content=\"https:\/\/libreriaelerrante.com\/tienda\/silvercloak-la-profecia\/\" \/>\n<meta property=\"og:site_name\" content=\"Librer\u00eda El Errante\" \/>\n<meta property=\"article:modified_time\" content=\"2026-04-28T15:59:36+00:00\" \/>\n<meta property=\"og:image\" content=\"https:\/\/libreriaelerrante.com\/tienda\/wp-content\/uploads\/2025\/08\/silvercloak-la-profecia.jpeg\" \/>\n\t<meta property=\"og:image:width\" content=\"680\" \/>\n\t<meta property=\"og:image:height\" content=\"1050\" \/>\n\t<meta property=\"og:image:type\" content=\"image\/jpeg\" \/>\n<meta name=\"twitter:card\" content=\"summary_large_image\" \/>\n<meta name=\"twitter:label1\" content=\"Tiempo de lectura\" \/>\n\t<meta name=\"twitter:data1\" content=\"1 minuto\" \/>\n<script type=\"application\/ld+json\" class=\"yoast-schema-graph\">{\"@context\":\"https:\\\/\\\/schema.org\",\"@graph\":[{\"@type\":\"WebPage\",\"@id\":\"https:\\\/\\\/libreriaelerrante.com\\\/tienda\\\/silvercloak-la-profecia\\\/\",\"url\":\"https:\\\/\\\/libreriaelerrante.com\\\/tienda\\\/silvercloak-la-profecia\\\/\",\"name\":\"Silvercloak: La profec\u00eda | Librer\u00eda El Errante\",\"isPartOf\":{\"@id\":\"https:\\\/\\\/libreriaelerrante.com\\\/tienda\\\/#website\"},\"primaryImageOfPage\":{\"@id\":\"https:\\\/\\\/libreriaelerrante.com\\\/tienda\\\/silvercloak-la-profecia\\\/#primaryimage\"},\"image\":{\"@id\":\"https:\\\/\\\/libreriaelerrante.com\\\/tienda\\\/silvercloak-la-profecia\\\/#primaryimage\"},\"thumbnailUrl\":\"https:\\\/\\\/libreriaelerrante.com\\\/tienda\\\/wp-content\\\/uploads\\\/2025\\\/08\\\/silvercloak-la-profecia.jpeg\",\"datePublished\":\"2025-08-28T17:02:40+00:00\",\"dateModified\":\"2026-04-28T15:59:36+00:00\",\"description\":\"En Silvercloak: La profec\u00eda, L. K. Steven | Laura Steven presenta una \u00e9pica fantas\u00eda llena de magia, secretos antiguos y h\u00e9roes destinados a salvar reinos.\",\"breadcrumb\":{\"@id\":\"https:\\\/\\\/libreriaelerrante.com\\\/tienda\\\/silvercloak-la-profecia\\\/#breadcrumb\"},\"inLanguage\":\"es\",\"potentialAction\":[{\"@type\":\"ReadAction\",\"target\":[\"https:\\\/\\\/libreriaelerrante.com\\\/tienda\\\/silvercloak-la-profecia\\\/\"]}]},{\"@type\":\"ImageObject\",\"inLanguage\":\"es\",\"@id\":\"https:\\\/\\\/libreriaelerrante.com\\\/tienda\\\/silvercloak-la-profecia\\\/#primaryimage\",\"url\":\"https:\\\/\\\/libreriaelerrante.com\\\/tienda\\\/wp-content\\\/uploads\\\/2025\\\/08\\\/silvercloak-la-profecia.jpeg\",\"contentUrl\":\"https:\\\/\\\/libreriaelerrante.com\\\/tienda\\\/wp-content\\\/uploads\\\/2025\\\/08\\\/silvercloak-la-profecia.jpeg\",\"width\":680,\"height\":1050,\"caption\":\"Portada Silvercloak: La Profecia\"},{\"@type\":\"BreadcrumbList\",\"@id\":\"https:\\\/\\\/libreriaelerrante.com\\\/tienda\\\/silvercloak-la-profecia\\\/#breadcrumb\",\"itemListElement\":[{\"@type\":\"ListItem\",\"position\":1,\"name\":\"Inicio\",\"item\":\"https:\\\/\\\/libreriaelerrante.com\\\/tienda\\\/\"},{\"@type\":\"ListItem\",\"position\":2,\"name\":\"Productos\",\"item\":\"https:\\\/\\\/libreriaelerrante.com\\\/tienda\\\/shop\\\/\"},{\"@type\":\"ListItem\",\"position\":3,\"name\":\"Librer\u00eda\",\"item\":\"https:\\\/\\\/libreriaelerrante.com\\\/tienda\\\/libreria\\\/\"},{\"@type\":\"ListItem\",\"position\":4,\"name\":\"Novelas\",\"item\":\"https:\\\/\\\/libreriaelerrante.com\\\/tienda\\\/libreria\\\/novelas\\\/\"},{\"@type\":\"ListItem\",\"position\":5,\"name\":\"Ficci\u00f3n\",\"item\":\"https:\\\/\\\/libreriaelerrante.com\\\/tienda\\\/libreria\\\/novelas\\\/ficcion\\\/\"},{\"@type\":\"ListItem\",\"position\":6,\"name\":\"Silvercloak: La profec\u00eda\"}]},{\"@type\":\"WebSite\",\"@id\":\"https:\\\/\\\/libreriaelerrante.com\\\/tienda\\\/#website\",\"url\":\"https:\\\/\\\/libreriaelerrante.com\\\/tienda\\\/\",\"name\":\"Librer\u00eda El Errante\",\"description\":\"\",\"publisher\":{\"@id\":\"https:\\\/\\\/libreriaelerrante.com\\\/tienda\\\/#organization\"},\"potentialAction\":[{\"@type\":\"SearchAction\",\"target\":{\"@type\":\"EntryPoint\",\"urlTemplate\":\"https:\\\/\\\/libreriaelerrante.com\\\/tienda\\\/?s={search_term_string}\"},\"query-input\":{\"@type\":\"PropertyValueSpecification\",\"valueRequired\":true,\"valueName\":\"search_term_string\"}}],\"inLanguage\":\"es\"},{\"@type\":\"Organization\",\"@id\":\"https:\\\/\\\/libreriaelerrante.com\\\/tienda\\\/#organization\",\"name\":\"Librer\u00eda El Errante\",\"url\":\"https:\\\/\\\/libreriaelerrante.com\\\/tienda\\\/\",\"logo\":{\"@type\":\"ImageObject\",\"inLanguage\":\"es\",\"@id\":\"https:\\\/\\\/libreriaelerrante.com\\\/tienda\\\/#\\\/schema\\\/logo\\\/image\\\/\",\"url\":\"https:\\\/\\\/libreriaelerrante.com\\\/tienda\\\/wp-content\\\/uploads\\\/2025\\\/05\\\/1-1.png\",\"contentUrl\":\"https:\\\/\\\/libreriaelerrante.com\\\/tienda\\\/wp-content\\\/uploads\\\/2025\\\/05\\\/1-1.png\",\"width\":512,\"height\":512,\"caption\":\"Librer\u00eda El Errante\"},\"image\":{\"@id\":\"https:\\\/\\\/libreriaelerrante.com\\\/tienda\\\/#\\\/schema\\\/logo\\\/image\\\/\"}}]}<\/script>\n<!-- \/ Yoast SEO plugin. -->","yoast_head_json":{"title":"Silvercloak: La profec\u00eda | Librer\u00eda El Errante","description":"En Silvercloak: La profec\u00eda, L. K. Steven | Laura Steven presenta una \u00e9pica fantas\u00eda llena de magia, secretos antiguos y h\u00e9roes destinados a salvar reinos.","robots":{"index":"index","follow":"follow","max-snippet":"max-snippet:-1","max-image-preview":"max-image-preview:large","max-video-preview":"max-video-preview:-1"},"canonical":"https:\/\/libreriaelerrante.com\/tienda\/silvercloak-la-profecia\/","og_locale":"es_ES","og_type":"article","og_title":"Silvercloak: La profec\u00eda | Librer\u00eda El Errante","og_description":"En Silvercloak: La profec\u00eda, L. K. Steven | Laura Steven presenta una \u00e9pica fantas\u00eda llena de magia, secretos antiguos y h\u00e9roes destinados a salvar reinos.","og_url":"https:\/\/libreriaelerrante.com\/tienda\/silvercloak-la-profecia\/","og_site_name":"Librer\u00eda El Errante","article_modified_time":"2026-04-28T15:59:36+00:00","og_image":[{"width":680,"height":1050,"url":"https:\/\/libreriaelerrante.com\/tienda\/wp-content\/uploads\/2025\/08\/silvercloak-la-profecia.jpeg","type":"image\/jpeg"}],"twitter_card":"summary_large_image","twitter_misc":{"Tiempo de lectura":"1 minuto"},"schema":{"@context":"https:\/\/schema.org","@graph":[{"@type":"WebPage","@id":"https:\/\/libreriaelerrante.com\/tienda\/silvercloak-la-profecia\/","url":"https:\/\/libreriaelerrante.com\/tienda\/silvercloak-la-profecia\/","name":"Silvercloak: La profec\u00eda | Librer\u00eda El Errante","isPartOf":{"@id":"https:\/\/libreriaelerrante.com\/tienda\/#website"},"primaryImageOfPage":{"@id":"https:\/\/libreriaelerrante.com\/tienda\/silvercloak-la-profecia\/#primaryimage"},"image":{"@id":"https:\/\/libreriaelerrante.com\/tienda\/silvercloak-la-profecia\/#primaryimage"},"thumbnailUrl":"https:\/\/libreriaelerrante.com\/tienda\/wp-content\/uploads\/2025\/08\/silvercloak-la-profecia.jpeg","datePublished":"2025-08-28T17:02:40+00:00","dateModified":"2026-04-28T15:59:36+00:00","description":"En Silvercloak: La profec\u00eda, L. K. Steven | Laura Steven presenta una \u00e9pica fantas\u00eda llena de magia, secretos antiguos y h\u00e9roes destinados a salvar reinos.","breadcrumb":{"@id":"https:\/\/libreriaelerrante.com\/tienda\/silvercloak-la-profecia\/#breadcrumb"},"inLanguage":"es","potentialAction":[{"@type":"ReadAction","target":["https:\/\/libreriaelerrante.com\/tienda\/silvercloak-la-profecia\/"]}]},{"@type":"ImageObject","inLanguage":"es","@id":"https:\/\/libreriaelerrante.com\/tienda\/silvercloak-la-profecia\/#primaryimage","url":"https:\/\/libreriaelerrante.com\/tienda\/wp-content\/uploads\/2025\/08\/silvercloak-la-profecia.jpeg","contentUrl":"https:\/\/libreriaelerrante.com\/tienda\/wp-content\/uploads\/2025\/08\/silvercloak-la-profecia.jpeg","width":680,"height":1050,"caption":"Portada Silvercloak: La Profecia"},{"@type":"BreadcrumbList","@id":"https:\/\/libreriaelerrante.com\/tienda\/silvercloak-la-profecia\/#breadcrumb","itemListElement":[{"@type":"ListItem","position":1,"name":"Inicio","item":"https:\/\/libreriaelerrante.com\/tienda\/"},{"@type":"ListItem","position":2,"name":"Productos","item":"https:\/\/libreriaelerrante.com\/tienda\/shop\/"},{"@type":"ListItem","position":3,"name":"Librer\u00eda","item":"https:\/\/libreriaelerrante.com\/tienda\/libreria\/"},{"@type":"ListItem","position":4,"name":"Novelas","item":"https:\/\/libreriaelerrante.com\/tienda\/libreria\/novelas\/"},{"@type":"ListItem","position":5,"name":"Ficci\u00f3n","item":"https:\/\/libreriaelerrante.com\/tienda\/libreria\/novelas\/ficcion\/"},{"@type":"ListItem","position":6,"name":"Silvercloak: La profec\u00eda"}]},{"@type":"WebSite","@id":"https:\/\/libreriaelerrante.com\/tienda\/#website","url":"https:\/\/libreriaelerrante.com\/tienda\/","name":"Librer\u00eda El Errante","description":"","publisher":{"@id":"https:\/\/libreriaelerrante.com\/tienda\/#organization"},"potentialAction":[{"@type":"SearchAction","target":{"@type":"EntryPoint","urlTemplate":"https:\/\/libreriaelerrante.com\/tienda\/?s={search_term_string}"},"query-input":{"@type":"PropertyValueSpecification","valueRequired":true,"valueName":"search_term_string"}}],"inLanguage":"es"},{"@type":"Organization","@id":"https:\/\/libreriaelerrante.com\/tienda\/#organization","name":"Librer\u00eda El Errante","url":"https:\/\/libreriaelerrante.com\/tienda\/","logo":{"@type":"ImageObject","inLanguage":"es","@id":"https:\/\/libreriaelerrante.com\/tienda\/#\/schema\/logo\/image\/","url":"https:\/\/libreriaelerrante.com\/tienda\/wp-content\/uploads\/2025\/05\/1-1.png","contentUrl":"https:\/\/libreriaelerrante.com\/tienda\/wp-content\/uploads\/2025\/05\/1-1.png","width":512,"height":512,"caption":"Librer\u00eda El Errante"},"image":{"@id":"https:\/\/libreriaelerrante.com\/tienda\/#\/schema\/logo\/image\/"}}]}},"_links":{"self":[{"href":"https:\/\/libreriaelerrante.com\/tienda\/wp-json\/wp\/v2\/product\/1276","targetHints":{"allow":["GET"]}}],"collection":[{"href":"https:\/\/libreriaelerrante.com\/tienda\/wp-json\/wp\/v2\/product"}],"about":[{"href":"https:\/\/libreriaelerrante.com\/tienda\/wp-json\/wp\/v2\/types\/product"}],"replies":[{"embeddable":true,"href":"https:\/\/libreriaelerrante.com\/tienda\/wp-json\/wp\/v2\/comments?post=1276"}],"wp:featuredmedia":[{"embeddable":true,"href":"https:\/\/libreriaelerrante.com\/tienda\/wp-json\/wp\/v2\/media\/1277"}],"wp:attachment":[{"href":"https:\/\/libreriaelerrante.com\/tienda\/wp-json\/wp\/v2\/media?parent=1276"}],"wp:term":[{"taxonomy":"product_brand","embeddable":true,"href":"https:\/\/libreriaelerrante.com\/tienda\/wp-json\/wp\/v2\/product_brand?post=1276"},{"taxonomy":"product_cat","embeddable":true,"href":"https:\/\/libreriaelerrante.com\/tienda\/wp-json\/wp\/v2\/product_cat?post=1276"},{"taxonomy":"product_tag","embeddable":true,"href":"https:\/\/libreriaelerrante.com\/tienda\/wp-json\/wp\/v2\/product_tag?post=1276"}],"curies":[{"name":"wp","href":"https:\/\/api.w.org\/{rel}","templated":true}]}}