{"id":1167,"date":"2025-08-22T17:28:59","date_gmt":"2025-08-22T15:28:59","guid":{"rendered":"https:\/\/libreriaelerrante.com\/tienda\/?post_type=product&#038;p=1167"},"modified":"2026-04-28T18:10:07","modified_gmt":"2026-04-28T16:10:07","slug":"capitan-america-5-1968","status":"publish","type":"product","link":"https:\/\/libreriaelerrante.com\/tienda\/capitan-america-5-1968\/","title":{"rendered":"Capit\u00e1n Am\u00e9rica 5 1968"},"content":{"rendered":"","protected":false},"excerpt":{"rendered":"<p>Es m\u00e1s que un c\u00f3mic: es una m\u00e1quina del tiempo. \u00a1El Cuarto Durmiente despierta! \u00bfQui\u00e9nes son Los Exiliados, cu\u00e1l es su relaci\u00f3n con Cr\u00e1neo Rojo y por qu\u00e9 tiene que temerlos el Capi? Adem\u00e1s, el regreso de Batroc y el debut de una nueva y peligrosa amenaza: El Doctor Fausto. Contiene los correos de lectores de la edici\u00f3n original y la cronolog\u00eda que lo sit\u00faa todo en contexto. \u00a1Biblioteca Marvel, como siempre y mejor que nunca! \u00a1No puedes perderte esta edici\u00f3n hist\u00f3rica!<\/p>\n","protected":false},"featured_media":1168,"comment_status":"open","ping_status":"closed","template":"","meta":{"iawp_total_views":2},"product_brand":[],"product_cat":[21,248,328,95],"product_tag":[],"class_list":{"0":"post-1167","1":"product","2":"type-product","3":"status-publish","4":"has-post-thumbnail","6":"product_cat-comics","7":"product_cat-novedades-agosto-2025","8":"product_cat-novedades-en-comics","9":"product_cat-novedades-libros-2025","10":"pa_autor-jack-kirby-stan-lee","12":"first","13":"outofstock","14":"sale","15":"shipping-taxable","16":"purchasable","17":"product-type-simple"},"yoast_head":"<!-- This site is optimized with the Yoast SEO plugin v27.4 - https:\/\/yoast.com\/product\/yoast-seo-wordpress\/ -->\n<title>Capit\u00e1n Am\u00e9rica 5 1968 | Biblioteca Marvel | Librer\u00eda El Errante<\/title>\n<meta name=\"description\" content=\"Capit\u00e1n Am\u00e9rica 5 (1968) de Stan Lee y Jack Kirby presenta la acci\u00f3n cl\u00e1sica del h\u00e9roe estrella, con combates, ideales y aventuras inolvidables.\" \/>\n<meta name=\"robots\" content=\"index, follow, max-snippet:-1, max-image-preview:large, max-video-preview:-1\" \/>\n<link rel=\"canonical\" href=\"https:\/\/libreriaelerrante.com\/tienda\/capitan-america-5-1968\/\" \/>\n<meta property=\"og:locale\" content=\"es_ES\" \/>\n<meta property=\"og:type\" content=\"article\" \/>\n<meta property=\"og:title\" content=\"Capit\u00e1n Am\u00e9rica 5 1968 | Biblioteca Marvel | Librer\u00eda El Errante\" \/>\n<meta property=\"og:description\" content=\"Capit\u00e1n Am\u00e9rica 5 (1968) de Stan Lee y Jack Kirby presenta la acci\u00f3n cl\u00e1sica del h\u00e9roe estrella, con combates, ideales y aventuras inolvidables.\" \/>\n<meta property=\"og:url\" content=\"https:\/\/libreriaelerrante.com\/tienda\/capitan-america-5-1968\/\" \/>\n<meta property=\"og:site_name\" content=\"Librer\u00eda El Errante\" \/>\n<meta property=\"article:modified_time\" content=\"2026-04-28T16:10:07+00:00\" \/>\n<meta property=\"og:image\" content=\"https:\/\/libreriaelerrante.com\/tienda\/wp-content\/uploads\/2025\/08\/capitan-america-5-1968.jpeg\" \/>\n\t<meta property=\"og:image:width\" content=\"680\" \/>\n\t<meta property=\"og:image:height\" content=\"1050\" \/>\n\t<meta property=\"og:image:type\" content=\"image\/jpeg\" \/>\n<meta name=\"twitter:card\" content=\"summary_large_image\" \/>\n<meta name=\"twitter:label1\" content=\"Tiempo de lectura\" \/>\n\t<meta name=\"twitter:data1\" content=\"1 minuto\" \/>\n<script type=\"application\/ld+json\" class=\"yoast-schema-graph\">{\"@context\":\"https:\\\/\\\/schema.org\",\"@graph\":[{\"@type\":\"WebPage\",\"@id\":\"https:\\\/\\\/libreriaelerrante.com\\\/tienda\\\/capitan-america-5-1968\\\/\",\"url\":\"https:\\\/\\\/libreriaelerrante.com\\\/tienda\\\/capitan-america-5-1968\\\/\",\"name\":\"Capit\u00e1n Am\u00e9rica 5 1968 | Biblioteca Marvel | Librer\u00eda El Errante\",\"isPartOf\":{\"@id\":\"https:\\\/\\\/libreriaelerrante.com\\\/tienda\\\/#website\"},\"primaryImageOfPage\":{\"@id\":\"https:\\\/\\\/libreriaelerrante.com\\\/tienda\\\/capitan-america-5-1968\\\/#primaryimage\"},\"image\":{\"@id\":\"https:\\\/\\\/libreriaelerrante.com\\\/tienda\\\/capitan-america-5-1968\\\/#primaryimage\"},\"thumbnailUrl\":\"https:\\\/\\\/libreriaelerrante.com\\\/tienda\\\/wp-content\\\/uploads\\\/2025\\\/08\\\/capitan-america-5-1968.jpeg\",\"datePublished\":\"2025-08-22T15:28:59+00:00\",\"dateModified\":\"2026-04-28T16:10:07+00:00\",\"description\":\"Capit\u00e1n Am\u00e9rica 5 (1968) de Stan Lee y Jack Kirby presenta la acci\u00f3n cl\u00e1sica del h\u00e9roe estrella, con combates, ideales y aventuras inolvidables.\",\"breadcrumb\":{\"@id\":\"https:\\\/\\\/libreriaelerrante.com\\\/tienda\\\/capitan-america-5-1968\\\/#breadcrumb\"},\"inLanguage\":\"es\",\"potentialAction\":[{\"@type\":\"ReadAction\",\"target\":[\"https:\\\/\\\/libreriaelerrante.com\\\/tienda\\\/capitan-america-5-1968\\\/\"]}]},{\"@type\":\"ImageObject\",\"inLanguage\":\"es\",\"@id\":\"https:\\\/\\\/libreriaelerrante.com\\\/tienda\\\/capitan-america-5-1968\\\/#primaryimage\",\"url\":\"https:\\\/\\\/libreriaelerrante.com\\\/tienda\\\/wp-content\\\/uploads\\\/2025\\\/08\\\/capitan-america-5-1968.jpeg\",\"contentUrl\":\"https:\\\/\\\/libreriaelerrante.com\\\/tienda\\\/wp-content\\\/uploads\\\/2025\\\/08\\\/capitan-america-5-1968.jpeg\",\"width\":680,\"height\":1050,\"caption\":\"Portada Capitan America 5 1968\"},{\"@type\":\"BreadcrumbList\",\"@id\":\"https:\\\/\\\/libreriaelerrante.com\\\/tienda\\\/capitan-america-5-1968\\\/#breadcrumb\",\"itemListElement\":[{\"@type\":\"ListItem\",\"position\":1,\"name\":\"Inicio\",\"item\":\"https:\\\/\\\/libreriaelerrante.com\\\/tienda\\\/\"},{\"@type\":\"ListItem\",\"position\":2,\"name\":\"Productos\",\"item\":\"https:\\\/\\\/libreriaelerrante.com\\\/tienda\\\/shop\\\/\"},{\"@type\":\"ListItem\",\"position\":3,\"name\":\"Novedades Libros 2025\",\"item\":\"https:\\\/\\\/libreriaelerrante.com\\\/tienda\\\/novedades-libros-2025\\\/\"},{\"@type\":\"ListItem\",\"position\":4,\"name\":\"Novedades Agosto 2025\",\"item\":\"https:\\\/\\\/libreriaelerrante.com\\\/tienda\\\/novedades-libros-2025\\\/novedades-agosto-2025\\\/\"},{\"@type\":\"ListItem\",\"position\":5,\"name\":\"Novedades en C\u00f3mics\",\"item\":\"https:\\\/\\\/libreriaelerrante.com\\\/tienda\\\/novedades-libros-2025\\\/novedades-agosto-2025\\\/novedades-en-comics\\\/\"},{\"@type\":\"ListItem\",\"position\":6,\"name\":\"Capit\u00e1n Am\u00e9rica 5 1968\"}]},{\"@type\":\"WebSite\",\"@id\":\"https:\\\/\\\/libreriaelerrante.com\\\/tienda\\\/#website\",\"url\":\"https:\\\/\\\/libreriaelerrante.com\\\/tienda\\\/\",\"name\":\"Librer\u00eda El Errante\",\"description\":\"\",\"publisher\":{\"@id\":\"https:\\\/\\\/libreriaelerrante.com\\\/tienda\\\/#organization\"},\"potentialAction\":[{\"@type\":\"SearchAction\",\"target\":{\"@type\":\"EntryPoint\",\"urlTemplate\":\"https:\\\/\\\/libreriaelerrante.com\\\/tienda\\\/?s={search_term_string}\"},\"query-input\":{\"@type\":\"PropertyValueSpecification\",\"valueRequired\":true,\"valueName\":\"search_term_string\"}}],\"inLanguage\":\"es\"},{\"@type\":\"Organization\",\"@id\":\"https:\\\/\\\/libreriaelerrante.com\\\/tienda\\\/#organization\",\"name\":\"Librer\u00eda El Errante\",\"url\":\"https:\\\/\\\/libreriaelerrante.com\\\/tienda\\\/\",\"logo\":{\"@type\":\"ImageObject\",\"inLanguage\":\"es\",\"@id\":\"https:\\\/\\\/libreriaelerrante.com\\\/tienda\\\/#\\\/schema\\\/logo\\\/image\\\/\",\"url\":\"https:\\\/\\\/libreriaelerrante.com\\\/tienda\\\/wp-content\\\/uploads\\\/2025\\\/05\\\/1-1.png\",\"contentUrl\":\"https:\\\/\\\/libreriaelerrante.com\\\/tienda\\\/wp-content\\\/uploads\\\/2025\\\/05\\\/1-1.png\",\"width\":512,\"height\":512,\"caption\":\"Librer\u00eda El Errante\"},\"image\":{\"@id\":\"https:\\\/\\\/libreriaelerrante.com\\\/tienda\\\/#\\\/schema\\\/logo\\\/image\\\/\"}}]}<\/script>\n<!-- \/ Yoast SEO plugin. -->","yoast_head_json":{"title":"Capit\u00e1n Am\u00e9rica 5 1968 | Biblioteca Marvel | Librer\u00eda El Errante","description":"Capit\u00e1n Am\u00e9rica 5 (1968) de Stan Lee y Jack Kirby presenta la acci\u00f3n cl\u00e1sica del h\u00e9roe estrella, con combates, ideales y aventuras inolvidables.","robots":{"index":"index","follow":"follow","max-snippet":"max-snippet:-1","max-image-preview":"max-image-preview:large","max-video-preview":"max-video-preview:-1"},"canonical":"https:\/\/libreriaelerrante.com\/tienda\/capitan-america-5-1968\/","og_locale":"es_ES","og_type":"article","og_title":"Capit\u00e1n Am\u00e9rica 5 1968 | Biblioteca Marvel | Librer\u00eda El Errante","og_description":"Capit\u00e1n Am\u00e9rica 5 (1968) de Stan Lee y Jack Kirby presenta la acci\u00f3n cl\u00e1sica del h\u00e9roe estrella, con combates, ideales y aventuras inolvidables.","og_url":"https:\/\/libreriaelerrante.com\/tienda\/capitan-america-5-1968\/","og_site_name":"Librer\u00eda El Errante","article_modified_time":"2026-04-28T16:10:07+00:00","og_image":[{"width":680,"height":1050,"url":"https:\/\/libreriaelerrante.com\/tienda\/wp-content\/uploads\/2025\/08\/capitan-america-5-1968.jpeg","type":"image\/jpeg"}],"twitter_card":"summary_large_image","twitter_misc":{"Tiempo de lectura":"1 minuto"},"schema":{"@context":"https:\/\/schema.org","@graph":[{"@type":"WebPage","@id":"https:\/\/libreriaelerrante.com\/tienda\/capitan-america-5-1968\/","url":"https:\/\/libreriaelerrante.com\/tienda\/capitan-america-5-1968\/","name":"Capit\u00e1n Am\u00e9rica 5 1968 | Biblioteca Marvel | Librer\u00eda El Errante","isPartOf":{"@id":"https:\/\/libreriaelerrante.com\/tienda\/#website"},"primaryImageOfPage":{"@id":"https:\/\/libreriaelerrante.com\/tienda\/capitan-america-5-1968\/#primaryimage"},"image":{"@id":"https:\/\/libreriaelerrante.com\/tienda\/capitan-america-5-1968\/#primaryimage"},"thumbnailUrl":"https:\/\/libreriaelerrante.com\/tienda\/wp-content\/uploads\/2025\/08\/capitan-america-5-1968.jpeg","datePublished":"2025-08-22T15:28:59+00:00","dateModified":"2026-04-28T16:10:07+00:00","description":"Capit\u00e1n Am\u00e9rica 5 (1968) de Stan Lee y Jack Kirby presenta la acci\u00f3n cl\u00e1sica del h\u00e9roe estrella, con combates, ideales y aventuras inolvidables.","breadcrumb":{"@id":"https:\/\/libreriaelerrante.com\/tienda\/capitan-america-5-1968\/#breadcrumb"},"inLanguage":"es","potentialAction":[{"@type":"ReadAction","target":["https:\/\/libreriaelerrante.com\/tienda\/capitan-america-5-1968\/"]}]},{"@type":"ImageObject","inLanguage":"es","@id":"https:\/\/libreriaelerrante.com\/tienda\/capitan-america-5-1968\/#primaryimage","url":"https:\/\/libreriaelerrante.com\/tienda\/wp-content\/uploads\/2025\/08\/capitan-america-5-1968.jpeg","contentUrl":"https:\/\/libreriaelerrante.com\/tienda\/wp-content\/uploads\/2025\/08\/capitan-america-5-1968.jpeg","width":680,"height":1050,"caption":"Portada Capitan America 5 1968"},{"@type":"BreadcrumbList","@id":"https:\/\/libreriaelerrante.com\/tienda\/capitan-america-5-1968\/#breadcrumb","itemListElement":[{"@type":"ListItem","position":1,"name":"Inicio","item":"https:\/\/libreriaelerrante.com\/tienda\/"},{"@type":"ListItem","position":2,"name":"Productos","item":"https:\/\/libreriaelerrante.com\/tienda\/shop\/"},{"@type":"ListItem","position":3,"name":"Novedades Libros 2025","item":"https:\/\/libreriaelerrante.com\/tienda\/novedades-libros-2025\/"},{"@type":"ListItem","position":4,"name":"Novedades Agosto 2025","item":"https:\/\/libreriaelerrante.com\/tienda\/novedades-libros-2025\/novedades-agosto-2025\/"},{"@type":"ListItem","position":5,"name":"Novedades en C\u00f3mics","item":"https:\/\/libreriaelerrante.com\/tienda\/novedades-libros-2025\/novedades-agosto-2025\/novedades-en-comics\/"},{"@type":"ListItem","position":6,"name":"Capit\u00e1n Am\u00e9rica 5 1968"}]},{"@type":"WebSite","@id":"https:\/\/libreriaelerrante.com\/tienda\/#website","url":"https:\/\/libreriaelerrante.com\/tienda\/","name":"Librer\u00eda El Errante","description":"","publisher":{"@id":"https:\/\/libreriaelerrante.com\/tienda\/#organization"},"potentialAction":[{"@type":"SearchAction","target":{"@type":"EntryPoint","urlTemplate":"https:\/\/libreriaelerrante.com\/tienda\/?s={search_term_string}"},"query-input":{"@type":"PropertyValueSpecification","valueRequired":true,"valueName":"search_term_string"}}],"inLanguage":"es"},{"@type":"Organization","@id":"https:\/\/libreriaelerrante.com\/tienda\/#organization","name":"Librer\u00eda El Errante","url":"https:\/\/libreriaelerrante.com\/tienda\/","logo":{"@type":"ImageObject","inLanguage":"es","@id":"https:\/\/libreriaelerrante.com\/tienda\/#\/schema\/logo\/image\/","url":"https:\/\/libreriaelerrante.com\/tienda\/wp-content\/uploads\/2025\/05\/1-1.png","contentUrl":"https:\/\/libreriaelerrante.com\/tienda\/wp-content\/uploads\/2025\/05\/1-1.png","width":512,"height":512,"caption":"Librer\u00eda El Errante"},"image":{"@id":"https:\/\/libreriaelerrante.com\/tienda\/#\/schema\/logo\/image\/"}}]}},"_links":{"self":[{"href":"https:\/\/libreriaelerrante.com\/tienda\/wp-json\/wp\/v2\/product\/1167","targetHints":{"allow":["GET"]}}],"collection":[{"href":"https:\/\/libreriaelerrante.com\/tienda\/wp-json\/wp\/v2\/product"}],"about":[{"href":"https:\/\/libreriaelerrante.com\/tienda\/wp-json\/wp\/v2\/types\/product"}],"replies":[{"embeddable":true,"href":"https:\/\/libreriaelerrante.com\/tienda\/wp-json\/wp\/v2\/comments?post=1167"}],"wp:featuredmedia":[{"embeddable":true,"href":"https:\/\/libreriaelerrante.com\/tienda\/wp-json\/wp\/v2\/media\/1168"}],"wp:attachment":[{"href":"https:\/\/libreriaelerrante.com\/tienda\/wp-json\/wp\/v2\/media?parent=1167"}],"wp:term":[{"taxonomy":"product_brand","embeddable":true,"href":"https:\/\/libreriaelerrante.com\/tienda\/wp-json\/wp\/v2\/product_brand?post=1167"},{"taxonomy":"product_cat","embeddable":true,"href":"https:\/\/libreriaelerrante.com\/tienda\/wp-json\/wp\/v2\/product_cat?post=1167"},{"taxonomy":"product_tag","embeddable":true,"href":"https:\/\/libreriaelerrante.com\/tienda\/wp-json\/wp\/v2\/product_tag?post=1167"}],"curies":[{"name":"wp","href":"https:\/\/api.w.org\/{rel}","templated":true}]}}