{"id":1075,"date":"2025-08-14T13:48:06","date_gmt":"2025-08-14T11:48:06","guid":{"rendered":"https:\/\/libreriaelerrante.com\/tienda\/?post_type=product&#038;p=1075"},"modified":"2025-08-21T20:31:55","modified_gmt":"2025-08-21T18:31:55","slug":"juez-dredd-dia-del-juicio","status":"publish","type":"product","link":"https:\/\/libreriaelerrante.com\/tienda\/juez-dredd-dia-del-juicio\/","title":{"rendered":"Juez Dredd: D\u00eda del Juicio"},"content":{"rendered":"","protected":false},"excerpt":{"rendered":"<p>Juez Dredd, Perro de Estroncio&#8230; \u00a1y los Muertos Vivientes!<\/p>\n<p>El D\u00eda del Juicio ha llegado. El Necromagus Sabbat ha resucitado a los muertos de todo el mundo para utilizarlos como un imparable ej\u00e9rcito de zombis hambrientos. Todas las mega-ciudades del planeta est\u00e1n en pie de guerra contra un enemigo que no puede morir. Con la humanidad en juego, un inesperado aliado irrumpe en el campo de batalla. Procedente del futuro, el Perro de Estroncio Johnny Alpha llega para echar una mano al Juez Dredd.<\/p>\n<p>Garth Ennis (Punisher, Predicador), Carlos Ezquerra (Perro de Estroncio) y Dean Ormston (Black Hammer) presentan una de las historias m\u00e1s cl\u00e1sicas jam\u00e1s publicadas por la revista 2000 AD, incluyendo un esperado reencuentro entre los dos m\u00e1ximos iconos del c\u00f3mic brit\u00e1nico, el Juez Dredd y Perro de Estroncio.<\/p>\n","protected":false},"featured_media":1076,"comment_status":"open","ping_status":"closed","template":"","meta":{"iawp_total_views":0},"product_brand":[],"product_cat":[21,248,328,95],"product_tag":[],"class_list":{"0":"post-1075","1":"product","2":"type-product","3":"status-publish","4":"has-post-thumbnail","6":"product_cat-comics","7":"product_cat-novedades-agosto-2025","8":"product_cat-novedades-en-comics","9":"product_cat-novedades-libros-2025","10":"pa_autor-garth-ennis","12":"first","13":"outofstock","14":"sale","15":"shipping-taxable","16":"purchasable","17":"product-type-simple"},"yoast_head":"<!-- This site is optimized with the Yoast SEO plugin v27.4 - https:\/\/yoast.com\/product\/yoast-seo-wordpress\/ -->\n<title>Juez Dredd: D\u00eda del Juicio | Librer\u00eda El Errante<\/title>\n<meta name=\"description\" content=\"Juez Dredd El D\u00eda del Juicio de Garth Ennis enfrenta al implacable juez contra hordas de no muertos en una batalla \u00e9pica por el destino de Mega-City Uno.\" \/>\n<meta name=\"robots\" content=\"index, follow, max-snippet:-1, max-image-preview:large, max-video-preview:-1\" \/>\n<link rel=\"canonical\" href=\"https:\/\/libreriaelerrante.com\/tienda\/juez-dredd-dia-del-juicio\/\" \/>\n<meta property=\"og:locale\" content=\"es_ES\" \/>\n<meta property=\"og:type\" content=\"article\" \/>\n<meta property=\"og:title\" content=\"Juez Dredd: D\u00eda del Juicio | Librer\u00eda El Errante\" \/>\n<meta property=\"og:description\" content=\"Juez Dredd El D\u00eda del Juicio de Garth Ennis enfrenta al implacable juez contra hordas de no muertos en una batalla \u00e9pica por el destino de Mega-City Uno.\" \/>\n<meta property=\"og:url\" content=\"https:\/\/libreriaelerrante.com\/tienda\/juez-dredd-dia-del-juicio\/\" \/>\n<meta property=\"og:site_name\" content=\"Librer\u00eda El Errante\" \/>\n<meta property=\"article:modified_time\" content=\"2025-08-21T18:31:55+00:00\" \/>\n<meta property=\"og:image\" content=\"https:\/\/libreriaelerrante.com\/tienda\/wp-content\/uploads\/2025\/08\/juez-dredd-dia-del-juicio.jpeg\" \/>\n\t<meta property=\"og:image:width\" content=\"680\" \/>\n\t<meta property=\"og:image:height\" content=\"1050\" \/>\n\t<meta property=\"og:image:type\" content=\"image\/jpeg\" \/>\n<meta name=\"twitter:card\" content=\"summary_large_image\" \/>\n<meta name=\"twitter:label1\" content=\"Tiempo de lectura\" \/>\n\t<meta name=\"twitter:data1\" content=\"1 minuto\" \/>\n<script type=\"application\/ld+json\" class=\"yoast-schema-graph\">{\"@context\":\"https:\\\/\\\/schema.org\",\"@graph\":[{\"@type\":\"WebPage\",\"@id\":\"https:\\\/\\\/libreriaelerrante.com\\\/tienda\\\/juez-dredd-dia-del-juicio\\\/\",\"url\":\"https:\\\/\\\/libreriaelerrante.com\\\/tienda\\\/juez-dredd-dia-del-juicio\\\/\",\"name\":\"Juez Dredd: D\u00eda del Juicio | Librer\u00eda El Errante\",\"isPartOf\":{\"@id\":\"https:\\\/\\\/libreriaelerrante.com\\\/tienda\\\/#website\"},\"primaryImageOfPage\":{\"@id\":\"https:\\\/\\\/libreriaelerrante.com\\\/tienda\\\/juez-dredd-dia-del-juicio\\\/#primaryimage\"},\"image\":{\"@id\":\"https:\\\/\\\/libreriaelerrante.com\\\/tienda\\\/juez-dredd-dia-del-juicio\\\/#primaryimage\"},\"thumbnailUrl\":\"https:\\\/\\\/libreriaelerrante.com\\\/tienda\\\/wp-content\\\/uploads\\\/2025\\\/08\\\/juez-dredd-dia-del-juicio.jpeg\",\"datePublished\":\"2025-08-14T11:48:06+00:00\",\"dateModified\":\"2025-08-21T18:31:55+00:00\",\"description\":\"Juez Dredd El D\u00eda del Juicio de Garth Ennis enfrenta al implacable juez contra hordas de no muertos en una batalla \u00e9pica por el destino de Mega-City Uno.\",\"breadcrumb\":{\"@id\":\"https:\\\/\\\/libreriaelerrante.com\\\/tienda\\\/juez-dredd-dia-del-juicio\\\/#breadcrumb\"},\"inLanguage\":\"es\",\"potentialAction\":[{\"@type\":\"ReadAction\",\"target\":[\"https:\\\/\\\/libreriaelerrante.com\\\/tienda\\\/juez-dredd-dia-del-juicio\\\/\"]}]},{\"@type\":\"ImageObject\",\"inLanguage\":\"es\",\"@id\":\"https:\\\/\\\/libreriaelerrante.com\\\/tienda\\\/juez-dredd-dia-del-juicio\\\/#primaryimage\",\"url\":\"https:\\\/\\\/libreriaelerrante.com\\\/tienda\\\/wp-content\\\/uploads\\\/2025\\\/08\\\/juez-dredd-dia-del-juicio.jpeg\",\"contentUrl\":\"https:\\\/\\\/libreriaelerrante.com\\\/tienda\\\/wp-content\\\/uploads\\\/2025\\\/08\\\/juez-dredd-dia-del-juicio.jpeg\",\"width\":680,\"height\":1050,\"caption\":\"Portada Juez Dredd El D\u00eda del Juicio\"},{\"@type\":\"BreadcrumbList\",\"@id\":\"https:\\\/\\\/libreriaelerrante.com\\\/tienda\\\/juez-dredd-dia-del-juicio\\\/#breadcrumb\",\"itemListElement\":[{\"@type\":\"ListItem\",\"position\":1,\"name\":\"Inicio\",\"item\":\"https:\\\/\\\/libreriaelerrante.com\\\/tienda\\\/\"},{\"@type\":\"ListItem\",\"position\":2,\"name\":\"Productos\",\"item\":\"https:\\\/\\\/libreriaelerrante.com\\\/tienda\\\/shop\\\/\"},{\"@type\":\"ListItem\",\"position\":3,\"name\":\"Novedades Libros 2025\",\"item\":\"https:\\\/\\\/libreriaelerrante.com\\\/tienda\\\/novedades-libros-2025\\\/\"},{\"@type\":\"ListItem\",\"position\":4,\"name\":\"Novedades Agosto 2025\",\"item\":\"https:\\\/\\\/libreriaelerrante.com\\\/tienda\\\/novedades-libros-2025\\\/novedades-agosto-2025\\\/\"},{\"@type\":\"ListItem\",\"position\":5,\"name\":\"Novedades en C\u00f3mics\",\"item\":\"https:\\\/\\\/libreriaelerrante.com\\\/tienda\\\/novedades-libros-2025\\\/novedades-agosto-2025\\\/novedades-en-comics\\\/\"},{\"@type\":\"ListItem\",\"position\":6,\"name\":\"Juez Dredd: D\u00eda del Juicio\"}]},{\"@type\":\"WebSite\",\"@id\":\"https:\\\/\\\/libreriaelerrante.com\\\/tienda\\\/#website\",\"url\":\"https:\\\/\\\/libreriaelerrante.com\\\/tienda\\\/\",\"name\":\"Librer\u00eda El Errante\",\"description\":\"\",\"publisher\":{\"@id\":\"https:\\\/\\\/libreriaelerrante.com\\\/tienda\\\/#organization\"},\"potentialAction\":[{\"@type\":\"SearchAction\",\"target\":{\"@type\":\"EntryPoint\",\"urlTemplate\":\"https:\\\/\\\/libreriaelerrante.com\\\/tienda\\\/?s={search_term_string}\"},\"query-input\":{\"@type\":\"PropertyValueSpecification\",\"valueRequired\":true,\"valueName\":\"search_term_string\"}}],\"inLanguage\":\"es\"},{\"@type\":\"Organization\",\"@id\":\"https:\\\/\\\/libreriaelerrante.com\\\/tienda\\\/#organization\",\"name\":\"Librer\u00eda El Errante\",\"url\":\"https:\\\/\\\/libreriaelerrante.com\\\/tienda\\\/\",\"logo\":{\"@type\":\"ImageObject\",\"inLanguage\":\"es\",\"@id\":\"https:\\\/\\\/libreriaelerrante.com\\\/tienda\\\/#\\\/schema\\\/logo\\\/image\\\/\",\"url\":\"https:\\\/\\\/libreriaelerrante.com\\\/tienda\\\/wp-content\\\/uploads\\\/2025\\\/05\\\/1-1.png\",\"contentUrl\":\"https:\\\/\\\/libreriaelerrante.com\\\/tienda\\\/wp-content\\\/uploads\\\/2025\\\/05\\\/1-1.png\",\"width\":512,\"height\":512,\"caption\":\"Librer\u00eda El Errante\"},\"image\":{\"@id\":\"https:\\\/\\\/libreriaelerrante.com\\\/tienda\\\/#\\\/schema\\\/logo\\\/image\\\/\"}}]}<\/script>\n<!-- \/ Yoast SEO plugin. -->","yoast_head_json":{"title":"Juez Dredd: D\u00eda del Juicio | Librer\u00eda El Errante","description":"Juez Dredd El D\u00eda del Juicio de Garth Ennis enfrenta al implacable juez contra hordas de no muertos en una batalla \u00e9pica por el destino de Mega-City Uno.","robots":{"index":"index","follow":"follow","max-snippet":"max-snippet:-1","max-image-preview":"max-image-preview:large","max-video-preview":"max-video-preview:-1"},"canonical":"https:\/\/libreriaelerrante.com\/tienda\/juez-dredd-dia-del-juicio\/","og_locale":"es_ES","og_type":"article","og_title":"Juez Dredd: D\u00eda del Juicio | Librer\u00eda El Errante","og_description":"Juez Dredd El D\u00eda del Juicio de Garth Ennis enfrenta al implacable juez contra hordas de no muertos en una batalla \u00e9pica por el destino de Mega-City Uno.","og_url":"https:\/\/libreriaelerrante.com\/tienda\/juez-dredd-dia-del-juicio\/","og_site_name":"Librer\u00eda El Errante","article_modified_time":"2025-08-21T18:31:55+00:00","og_image":[{"width":680,"height":1050,"url":"https:\/\/libreriaelerrante.com\/tienda\/wp-content\/uploads\/2025\/08\/juez-dredd-dia-del-juicio.jpeg","type":"image\/jpeg"}],"twitter_card":"summary_large_image","twitter_misc":{"Tiempo de lectura":"1 minuto"},"schema":{"@context":"https:\/\/schema.org","@graph":[{"@type":"WebPage","@id":"https:\/\/libreriaelerrante.com\/tienda\/juez-dredd-dia-del-juicio\/","url":"https:\/\/libreriaelerrante.com\/tienda\/juez-dredd-dia-del-juicio\/","name":"Juez Dredd: D\u00eda del Juicio | Librer\u00eda El Errante","isPartOf":{"@id":"https:\/\/libreriaelerrante.com\/tienda\/#website"},"primaryImageOfPage":{"@id":"https:\/\/libreriaelerrante.com\/tienda\/juez-dredd-dia-del-juicio\/#primaryimage"},"image":{"@id":"https:\/\/libreriaelerrante.com\/tienda\/juez-dredd-dia-del-juicio\/#primaryimage"},"thumbnailUrl":"https:\/\/libreriaelerrante.com\/tienda\/wp-content\/uploads\/2025\/08\/juez-dredd-dia-del-juicio.jpeg","datePublished":"2025-08-14T11:48:06+00:00","dateModified":"2025-08-21T18:31:55+00:00","description":"Juez Dredd El D\u00eda del Juicio de Garth Ennis enfrenta al implacable juez contra hordas de no muertos en una batalla \u00e9pica por el destino de Mega-City Uno.","breadcrumb":{"@id":"https:\/\/libreriaelerrante.com\/tienda\/juez-dredd-dia-del-juicio\/#breadcrumb"},"inLanguage":"es","potentialAction":[{"@type":"ReadAction","target":["https:\/\/libreriaelerrante.com\/tienda\/juez-dredd-dia-del-juicio\/"]}]},{"@type":"ImageObject","inLanguage":"es","@id":"https:\/\/libreriaelerrante.com\/tienda\/juez-dredd-dia-del-juicio\/#primaryimage","url":"https:\/\/libreriaelerrante.com\/tienda\/wp-content\/uploads\/2025\/08\/juez-dredd-dia-del-juicio.jpeg","contentUrl":"https:\/\/libreriaelerrante.com\/tienda\/wp-content\/uploads\/2025\/08\/juez-dredd-dia-del-juicio.jpeg","width":680,"height":1050,"caption":"Portada Juez Dredd El D\u00eda del Juicio"},{"@type":"BreadcrumbList","@id":"https:\/\/libreriaelerrante.com\/tienda\/juez-dredd-dia-del-juicio\/#breadcrumb","itemListElement":[{"@type":"ListItem","position":1,"name":"Inicio","item":"https:\/\/libreriaelerrante.com\/tienda\/"},{"@type":"ListItem","position":2,"name":"Productos","item":"https:\/\/libreriaelerrante.com\/tienda\/shop\/"},{"@type":"ListItem","position":3,"name":"Novedades Libros 2025","item":"https:\/\/libreriaelerrante.com\/tienda\/novedades-libros-2025\/"},{"@type":"ListItem","position":4,"name":"Novedades Agosto 2025","item":"https:\/\/libreriaelerrante.com\/tienda\/novedades-libros-2025\/novedades-agosto-2025\/"},{"@type":"ListItem","position":5,"name":"Novedades en C\u00f3mics","item":"https:\/\/libreriaelerrante.com\/tienda\/novedades-libros-2025\/novedades-agosto-2025\/novedades-en-comics\/"},{"@type":"ListItem","position":6,"name":"Juez Dredd: D\u00eda del Juicio"}]},{"@type":"WebSite","@id":"https:\/\/libreriaelerrante.com\/tienda\/#website","url":"https:\/\/libreriaelerrante.com\/tienda\/","name":"Librer\u00eda El Errante","description":"","publisher":{"@id":"https:\/\/libreriaelerrante.com\/tienda\/#organization"},"potentialAction":[{"@type":"SearchAction","target":{"@type":"EntryPoint","urlTemplate":"https:\/\/libreriaelerrante.com\/tienda\/?s={search_term_string}"},"query-input":{"@type":"PropertyValueSpecification","valueRequired":true,"valueName":"search_term_string"}}],"inLanguage":"es"},{"@type":"Organization","@id":"https:\/\/libreriaelerrante.com\/tienda\/#organization","name":"Librer\u00eda El Errante","url":"https:\/\/libreriaelerrante.com\/tienda\/","logo":{"@type":"ImageObject","inLanguage":"es","@id":"https:\/\/libreriaelerrante.com\/tienda\/#\/schema\/logo\/image\/","url":"https:\/\/libreriaelerrante.com\/tienda\/wp-content\/uploads\/2025\/05\/1-1.png","contentUrl":"https:\/\/libreriaelerrante.com\/tienda\/wp-content\/uploads\/2025\/05\/1-1.png","width":512,"height":512,"caption":"Librer\u00eda El Errante"},"image":{"@id":"https:\/\/libreriaelerrante.com\/tienda\/#\/schema\/logo\/image\/"}}]}},"_links":{"self":[{"href":"https:\/\/libreriaelerrante.com\/tienda\/wp-json\/wp\/v2\/product\/1075","targetHints":{"allow":["GET"]}}],"collection":[{"href":"https:\/\/libreriaelerrante.com\/tienda\/wp-json\/wp\/v2\/product"}],"about":[{"href":"https:\/\/libreriaelerrante.com\/tienda\/wp-json\/wp\/v2\/types\/product"}],"replies":[{"embeddable":true,"href":"https:\/\/libreriaelerrante.com\/tienda\/wp-json\/wp\/v2\/comments?post=1075"}],"wp:featuredmedia":[{"embeddable":true,"href":"https:\/\/libreriaelerrante.com\/tienda\/wp-json\/wp\/v2\/media\/1076"}],"wp:attachment":[{"href":"https:\/\/libreriaelerrante.com\/tienda\/wp-json\/wp\/v2\/media?parent=1075"}],"wp:term":[{"taxonomy":"product_brand","embeddable":true,"href":"https:\/\/libreriaelerrante.com\/tienda\/wp-json\/wp\/v2\/product_brand?post=1075"},{"taxonomy":"product_cat","embeddable":true,"href":"https:\/\/libreriaelerrante.com\/tienda\/wp-json\/wp\/v2\/product_cat?post=1075"},{"taxonomy":"product_tag","embeddable":true,"href":"https:\/\/libreriaelerrante.com\/tienda\/wp-json\/wp\/v2\/product_tag?post=1075"}],"curies":[{"name":"wp","href":"https:\/\/api.w.org\/{rel}","templated":true}]}}