{"id":1042,"date":"2025-08-13T18:58:41","date_gmt":"2025-08-13T16:58:41","guid":{"rendered":"https:\/\/libreriaelerrante.com\/tienda\/?post_type=product&#038;p=1042"},"modified":"2026-04-28T18:06:38","modified_gmt":"2026-04-28T16:06:38","slug":"fairy-tail-las-aventuras-de-happy-5","status":"publish","type":"product","link":"https:\/\/libreriaelerrante.com\/tienda\/fairy-tail-las-aventuras-de-happy-5\/","title":{"rendered":"Fairy Tail Las aventuras de Happy 5"},"content":{"rendered":"","protected":false},"excerpt":{"rendered":"<p>HEALTHY CRYSTAL, EL \u00daLTIMO DE LOS TRES TESOROS SAGRADOS<\/p>\n<p>Si eres fan de\u00a0<em>Fairy Tail<\/em>, no puedes perderte este divertido spin-off protagonizado por Happy, el fiel compa\u00f1ero de Natsu y compa\u00f1\u00eda, ahora convertido en un h\u00e9roe que viaja por diferentes mundos. \u00a1Descubre la mayor aventura de este gato azul tan famoso!<\/p>\n<p>Tras resolver un conflicto con un monstruo en Cool Land, aparecen unos mensajeros de Holy Kingdom, un pa\u00eds misterioso, que quieren ver a Happy. Cuando le inviten al reino enigm\u00e1tico, \u00bfqu\u00e9 clase de bienvenida recibir\u00e1? \u00a1La gran aventura de Happy entra en un nuevo arco!<\/p>\n","protected":false},"featured_media":1043,"comment_status":"open","ping_status":"closed","template":"","meta":{"iawp_total_views":0},"product_brand":[],"product_cat":[20,248,329,95,147],"product_tag":[],"class_list":{"0":"post-1042","1":"product","2":"type-product","3":"status-publish","4":"has-post-thumbnail","6":"product_cat-mangas","7":"product_cat-novedades-agosto-2025","8":"product_cat-novedades-en-mangas","9":"product_cat-novedades-libros-2025","10":"product_cat-shonen","11":"pa_autor-hiro-mashima-kenshiro-sakamoto","13":"first","14":"outofstock","15":"sale","16":"shipping-taxable","17":"purchasable","18":"product-type-simple"},"yoast_head":"<!-- This site is optimized with the Yoast SEO plugin v27.4 - https:\/\/yoast.com\/product\/yoast-seo-wordpress\/ -->\n<title>Fairy Tail Las aventuras de Happy 5 | Librer\u00eda El Errante<\/title>\n<meta name=\"description\" content=\"Fairy Tail Las Aventuras de Happy 5 de Hiro Mashima y Kenshiro Sakamoto sigue las divertidas y valientes haza\u00f1as del gato azul en mundos llenos de magia.\" \/>\n<meta name=\"robots\" content=\"index, follow, max-snippet:-1, max-image-preview:large, max-video-preview:-1\" \/>\n<link rel=\"canonical\" href=\"https:\/\/libreriaelerrante.com\/tienda\/fairy-tail-las-aventuras-de-happy-5\/\" \/>\n<meta property=\"og:locale\" content=\"es_ES\" \/>\n<meta property=\"og:type\" content=\"article\" \/>\n<meta property=\"og:title\" content=\"Fairy Tail Las aventuras de Happy 5 | Librer\u00eda El Errante\" \/>\n<meta property=\"og:description\" content=\"Fairy Tail Las Aventuras de Happy 5 de Hiro Mashima y Kenshiro Sakamoto sigue las divertidas y valientes haza\u00f1as del gato azul en mundos llenos de magia.\" \/>\n<meta property=\"og:url\" content=\"https:\/\/libreriaelerrante.com\/tienda\/fairy-tail-las-aventuras-de-happy-5\/\" \/>\n<meta property=\"og:site_name\" content=\"Librer\u00eda El Errante\" \/>\n<meta property=\"article:modified_time\" content=\"2026-04-28T16:06:38+00:00\" \/>\n<meta property=\"og:image\" content=\"https:\/\/libreriaelerrante.com\/tienda\/wp-content\/uploads\/2025\/08\/fairy-tail-las-aventuras-de-happy-5.jpeg\" \/>\n\t<meta property=\"og:image:width\" content=\"680\" \/>\n\t<meta property=\"og:image:height\" content=\"1050\" \/>\n\t<meta property=\"og:image:type\" content=\"image\/jpeg\" \/>\n<meta name=\"twitter:card\" content=\"summary_large_image\" \/>\n<meta name=\"twitter:label1\" content=\"Tiempo de lectura\" \/>\n\t<meta name=\"twitter:data1\" content=\"1 minuto\" \/>\n<script type=\"application\/ld+json\" class=\"yoast-schema-graph\">{\"@context\":\"https:\\\/\\\/schema.org\",\"@graph\":[{\"@type\":\"WebPage\",\"@id\":\"https:\\\/\\\/libreriaelerrante.com\\\/tienda\\\/fairy-tail-las-aventuras-de-happy-5\\\/\",\"url\":\"https:\\\/\\\/libreriaelerrante.com\\\/tienda\\\/fairy-tail-las-aventuras-de-happy-5\\\/\",\"name\":\"Fairy Tail Las aventuras de Happy 5 | Librer\u00eda El Errante\",\"isPartOf\":{\"@id\":\"https:\\\/\\\/libreriaelerrante.com\\\/tienda\\\/#website\"},\"primaryImageOfPage\":{\"@id\":\"https:\\\/\\\/libreriaelerrante.com\\\/tienda\\\/fairy-tail-las-aventuras-de-happy-5\\\/#primaryimage\"},\"image\":{\"@id\":\"https:\\\/\\\/libreriaelerrante.com\\\/tienda\\\/fairy-tail-las-aventuras-de-happy-5\\\/#primaryimage\"},\"thumbnailUrl\":\"https:\\\/\\\/libreriaelerrante.com\\\/tienda\\\/wp-content\\\/uploads\\\/2025\\\/08\\\/fairy-tail-las-aventuras-de-happy-5.jpeg\",\"datePublished\":\"2025-08-13T16:58:41+00:00\",\"dateModified\":\"2026-04-28T16:06:38+00:00\",\"description\":\"Fairy Tail Las Aventuras de Happy 5 de Hiro Mashima y Kenshiro Sakamoto sigue las divertidas y valientes haza\u00f1as del gato azul en mundos llenos de magia.\",\"breadcrumb\":{\"@id\":\"https:\\\/\\\/libreriaelerrante.com\\\/tienda\\\/fairy-tail-las-aventuras-de-happy-5\\\/#breadcrumb\"},\"inLanguage\":\"es\",\"potentialAction\":[{\"@type\":\"ReadAction\",\"target\":[\"https:\\\/\\\/libreriaelerrante.com\\\/tienda\\\/fairy-tail-las-aventuras-de-happy-5\\\/\"]}]},{\"@type\":\"ImageObject\",\"inLanguage\":\"es\",\"@id\":\"https:\\\/\\\/libreriaelerrante.com\\\/tienda\\\/fairy-tail-las-aventuras-de-happy-5\\\/#primaryimage\",\"url\":\"https:\\\/\\\/libreriaelerrante.com\\\/tienda\\\/wp-content\\\/uploads\\\/2025\\\/08\\\/fairy-tail-las-aventuras-de-happy-5.jpeg\",\"contentUrl\":\"https:\\\/\\\/libreriaelerrante.com\\\/tienda\\\/wp-content\\\/uploads\\\/2025\\\/08\\\/fairy-tail-las-aventuras-de-happy-5.jpeg\",\"width\":680,\"height\":1050,\"caption\":\"Portada Fairy Tail. Las aventuras de Happy 5\"},{\"@type\":\"BreadcrumbList\",\"@id\":\"https:\\\/\\\/libreriaelerrante.com\\\/tienda\\\/fairy-tail-las-aventuras-de-happy-5\\\/#breadcrumb\",\"itemListElement\":[{\"@type\":\"ListItem\",\"position\":1,\"name\":\"Inicio\",\"item\":\"https:\\\/\\\/libreriaelerrante.com\\\/tienda\\\/\"},{\"@type\":\"ListItem\",\"position\":2,\"name\":\"Productos\",\"item\":\"https:\\\/\\\/libreriaelerrante.com\\\/tienda\\\/shop\\\/\"},{\"@type\":\"ListItem\",\"position\":3,\"name\":\"Novedades Libros 2025\",\"item\":\"https:\\\/\\\/libreriaelerrante.com\\\/tienda\\\/novedades-libros-2025\\\/\"},{\"@type\":\"ListItem\",\"position\":4,\"name\":\"Novedades Agosto 2025\",\"item\":\"https:\\\/\\\/libreriaelerrante.com\\\/tienda\\\/novedades-libros-2025\\\/novedades-agosto-2025\\\/\"},{\"@type\":\"ListItem\",\"position\":5,\"name\":\"Novedades en Mangas\",\"item\":\"https:\\\/\\\/libreriaelerrante.com\\\/tienda\\\/novedades-libros-2025\\\/novedades-agosto-2025\\\/novedades-en-mangas\\\/\"},{\"@type\":\"ListItem\",\"position\":6,\"name\":\"Fairy Tail Las aventuras de Happy 5\"}]},{\"@type\":\"WebSite\",\"@id\":\"https:\\\/\\\/libreriaelerrante.com\\\/tienda\\\/#website\",\"url\":\"https:\\\/\\\/libreriaelerrante.com\\\/tienda\\\/\",\"name\":\"Librer\u00eda El Errante\",\"description\":\"\",\"publisher\":{\"@id\":\"https:\\\/\\\/libreriaelerrante.com\\\/tienda\\\/#organization\"},\"potentialAction\":[{\"@type\":\"SearchAction\",\"target\":{\"@type\":\"EntryPoint\",\"urlTemplate\":\"https:\\\/\\\/libreriaelerrante.com\\\/tienda\\\/?s={search_term_string}\"},\"query-input\":{\"@type\":\"PropertyValueSpecification\",\"valueRequired\":true,\"valueName\":\"search_term_string\"}}],\"inLanguage\":\"es\"},{\"@type\":\"Organization\",\"@id\":\"https:\\\/\\\/libreriaelerrante.com\\\/tienda\\\/#organization\",\"name\":\"Librer\u00eda El Errante\",\"url\":\"https:\\\/\\\/libreriaelerrante.com\\\/tienda\\\/\",\"logo\":{\"@type\":\"ImageObject\",\"inLanguage\":\"es\",\"@id\":\"https:\\\/\\\/libreriaelerrante.com\\\/tienda\\\/#\\\/schema\\\/logo\\\/image\\\/\",\"url\":\"https:\\\/\\\/libreriaelerrante.com\\\/tienda\\\/wp-content\\\/uploads\\\/2025\\\/05\\\/1-1.png\",\"contentUrl\":\"https:\\\/\\\/libreriaelerrante.com\\\/tienda\\\/wp-content\\\/uploads\\\/2025\\\/05\\\/1-1.png\",\"width\":512,\"height\":512,\"caption\":\"Librer\u00eda El Errante\"},\"image\":{\"@id\":\"https:\\\/\\\/libreriaelerrante.com\\\/tienda\\\/#\\\/schema\\\/logo\\\/image\\\/\"}}]}<\/script>\n<!-- \/ Yoast SEO plugin. -->","yoast_head_json":{"title":"Fairy Tail Las aventuras de Happy 5 | Librer\u00eda El Errante","description":"Fairy Tail Las Aventuras de Happy 5 de Hiro Mashima y Kenshiro Sakamoto sigue las divertidas y valientes haza\u00f1as del gato azul en mundos llenos de magia.","robots":{"index":"index","follow":"follow","max-snippet":"max-snippet:-1","max-image-preview":"max-image-preview:large","max-video-preview":"max-video-preview:-1"},"canonical":"https:\/\/libreriaelerrante.com\/tienda\/fairy-tail-las-aventuras-de-happy-5\/","og_locale":"es_ES","og_type":"article","og_title":"Fairy Tail Las aventuras de Happy 5 | Librer\u00eda El Errante","og_description":"Fairy Tail Las Aventuras de Happy 5 de Hiro Mashima y Kenshiro Sakamoto sigue las divertidas y valientes haza\u00f1as del gato azul en mundos llenos de magia.","og_url":"https:\/\/libreriaelerrante.com\/tienda\/fairy-tail-las-aventuras-de-happy-5\/","og_site_name":"Librer\u00eda El Errante","article_modified_time":"2026-04-28T16:06:38+00:00","og_image":[{"width":680,"height":1050,"url":"https:\/\/libreriaelerrante.com\/tienda\/wp-content\/uploads\/2025\/08\/fairy-tail-las-aventuras-de-happy-5.jpeg","type":"image\/jpeg"}],"twitter_card":"summary_large_image","twitter_misc":{"Tiempo de lectura":"1 minuto"},"schema":{"@context":"https:\/\/schema.org","@graph":[{"@type":"WebPage","@id":"https:\/\/libreriaelerrante.com\/tienda\/fairy-tail-las-aventuras-de-happy-5\/","url":"https:\/\/libreriaelerrante.com\/tienda\/fairy-tail-las-aventuras-de-happy-5\/","name":"Fairy Tail Las aventuras de Happy 5 | Librer\u00eda El Errante","isPartOf":{"@id":"https:\/\/libreriaelerrante.com\/tienda\/#website"},"primaryImageOfPage":{"@id":"https:\/\/libreriaelerrante.com\/tienda\/fairy-tail-las-aventuras-de-happy-5\/#primaryimage"},"image":{"@id":"https:\/\/libreriaelerrante.com\/tienda\/fairy-tail-las-aventuras-de-happy-5\/#primaryimage"},"thumbnailUrl":"https:\/\/libreriaelerrante.com\/tienda\/wp-content\/uploads\/2025\/08\/fairy-tail-las-aventuras-de-happy-5.jpeg","datePublished":"2025-08-13T16:58:41+00:00","dateModified":"2026-04-28T16:06:38+00:00","description":"Fairy Tail Las Aventuras de Happy 5 de Hiro Mashima y Kenshiro Sakamoto sigue las divertidas y valientes haza\u00f1as del gato azul en mundos llenos de magia.","breadcrumb":{"@id":"https:\/\/libreriaelerrante.com\/tienda\/fairy-tail-las-aventuras-de-happy-5\/#breadcrumb"},"inLanguage":"es","potentialAction":[{"@type":"ReadAction","target":["https:\/\/libreriaelerrante.com\/tienda\/fairy-tail-las-aventuras-de-happy-5\/"]}]},{"@type":"ImageObject","inLanguage":"es","@id":"https:\/\/libreriaelerrante.com\/tienda\/fairy-tail-las-aventuras-de-happy-5\/#primaryimage","url":"https:\/\/libreriaelerrante.com\/tienda\/wp-content\/uploads\/2025\/08\/fairy-tail-las-aventuras-de-happy-5.jpeg","contentUrl":"https:\/\/libreriaelerrante.com\/tienda\/wp-content\/uploads\/2025\/08\/fairy-tail-las-aventuras-de-happy-5.jpeg","width":680,"height":1050,"caption":"Portada Fairy Tail. Las aventuras de Happy 5"},{"@type":"BreadcrumbList","@id":"https:\/\/libreriaelerrante.com\/tienda\/fairy-tail-las-aventuras-de-happy-5\/#breadcrumb","itemListElement":[{"@type":"ListItem","position":1,"name":"Inicio","item":"https:\/\/libreriaelerrante.com\/tienda\/"},{"@type":"ListItem","position":2,"name":"Productos","item":"https:\/\/libreriaelerrante.com\/tienda\/shop\/"},{"@type":"ListItem","position":3,"name":"Novedades Libros 2025","item":"https:\/\/libreriaelerrante.com\/tienda\/novedades-libros-2025\/"},{"@type":"ListItem","position":4,"name":"Novedades Agosto 2025","item":"https:\/\/libreriaelerrante.com\/tienda\/novedades-libros-2025\/novedades-agosto-2025\/"},{"@type":"ListItem","position":5,"name":"Novedades en Mangas","item":"https:\/\/libreriaelerrante.com\/tienda\/novedades-libros-2025\/novedades-agosto-2025\/novedades-en-mangas\/"},{"@type":"ListItem","position":6,"name":"Fairy Tail Las aventuras de Happy 5"}]},{"@type":"WebSite","@id":"https:\/\/libreriaelerrante.com\/tienda\/#website","url":"https:\/\/libreriaelerrante.com\/tienda\/","name":"Librer\u00eda El Errante","description":"","publisher":{"@id":"https:\/\/libreriaelerrante.com\/tienda\/#organization"},"potentialAction":[{"@type":"SearchAction","target":{"@type":"EntryPoint","urlTemplate":"https:\/\/libreriaelerrante.com\/tienda\/?s={search_term_string}"},"query-input":{"@type":"PropertyValueSpecification","valueRequired":true,"valueName":"search_term_string"}}],"inLanguage":"es"},{"@type":"Organization","@id":"https:\/\/libreriaelerrante.com\/tienda\/#organization","name":"Librer\u00eda El Errante","url":"https:\/\/libreriaelerrante.com\/tienda\/","logo":{"@type":"ImageObject","inLanguage":"es","@id":"https:\/\/libreriaelerrante.com\/tienda\/#\/schema\/logo\/image\/","url":"https:\/\/libreriaelerrante.com\/tienda\/wp-content\/uploads\/2025\/05\/1-1.png","contentUrl":"https:\/\/libreriaelerrante.com\/tienda\/wp-content\/uploads\/2025\/05\/1-1.png","width":512,"height":512,"caption":"Librer\u00eda El Errante"},"image":{"@id":"https:\/\/libreriaelerrante.com\/tienda\/#\/schema\/logo\/image\/"}}]}},"_links":{"self":[{"href":"https:\/\/libreriaelerrante.com\/tienda\/wp-json\/wp\/v2\/product\/1042","targetHints":{"allow":["GET"]}}],"collection":[{"href":"https:\/\/libreriaelerrante.com\/tienda\/wp-json\/wp\/v2\/product"}],"about":[{"href":"https:\/\/libreriaelerrante.com\/tienda\/wp-json\/wp\/v2\/types\/product"}],"replies":[{"embeddable":true,"href":"https:\/\/libreriaelerrante.com\/tienda\/wp-json\/wp\/v2\/comments?post=1042"}],"wp:featuredmedia":[{"embeddable":true,"href":"https:\/\/libreriaelerrante.com\/tienda\/wp-json\/wp\/v2\/media\/1043"}],"wp:attachment":[{"href":"https:\/\/libreriaelerrante.com\/tienda\/wp-json\/wp\/v2\/media?parent=1042"}],"wp:term":[{"taxonomy":"product_brand","embeddable":true,"href":"https:\/\/libreriaelerrante.com\/tienda\/wp-json\/wp\/v2\/product_brand?post=1042"},{"taxonomy":"product_cat","embeddable":true,"href":"https:\/\/libreriaelerrante.com\/tienda\/wp-json\/wp\/v2\/product_cat?post=1042"},{"taxonomy":"product_tag","embeddable":true,"href":"https:\/\/libreriaelerrante.com\/tienda\/wp-json\/wp\/v2\/product_tag?post=1042"}],"curies":[{"name":"wp","href":"https:\/\/api.w.org\/{rel}","templated":true}]}}