{"id":599,"date":"2025-08-13T12:06:19","date_gmt":"2025-08-13T12:06:19","guid":{"rendered":"https:\/\/libreriaelerrante.com\/blog\/?page_id=599"},"modified":"2025-08-13T12:06:20","modified_gmt":"2025-08-13T12:06:20","slug":"stephenie-meyer","status":"publish","type":"page","link":"https:\/\/libreriaelerrante.com\/blog\/stephenie-meyer\/","title":{"rendered":"Stephenie Meyer"},"content":{"rendered":"\n<h1 class=\"wp-block-heading has-text-align-center\">Stephenie Meyer<\/h1>\n\n\n\n<div class=\"wp-block-media-text is-stacked-on-mobile is-vertically-aligned-top\"><figure class=\"wp-block-media-text__media\"><img loading=\"lazy\" decoding=\"async\" width=\"225\" height=\"300\" src=\"https:\/\/libreriaelerrante.com\/blog\/wp-content\/uploads\/2025\/08\/stephenie-meyer.jpeg\" alt=\"\" class=\"wp-image-600 size-full\"\/><\/figure><div class=\"wp-block-media-text__content\">\n<p><strong>Stephenie Meyer<\/strong> (Morgan de nacimiento) naci\u00f3 en Connecticut el 24 de diciembre de 1973 siendo hija de Stephen y Candy Morgan. Su familia se traslad\u00f3 a Phoenix (Arizona) cuando ella ten\u00eda cuatro a\u00f1os, y all\u00ed creci\u00f3 junto a sus cinco hermanos: Seth, Emily, Jacob, Paul, y Heidi.<\/p>\n\n\n\n<p>Meyer asisti\u00f3 a la escuela secundaria Chaparral de Scottsdale, Arizona. Durante el tiempo que estudi\u00f3 all\u00ed, fue galardonada con el premio Nacional al M\u00e9rito Escolar, que us\u00f3 para pagar su ingreso en la universidad Brigham Young, en Utah, donde se recibi\u00f3 de Licenciada en Filolog\u00eda Inglesa en 1997. Su familia y ella pertenecen a La Iglesia de Jesucristo de los Santos de los \u00daltimos D\u00edas desde muchos a\u00f1os atr\u00e1s.<\/p>\n\n\n\n<p><\/p>\n<\/div><\/div>\n\n\n\n<p>Stephenie no contaba con ning\u00fan tipo de experiencia como escritora antes de Crep\u00fasculo, por lo que hab\u00eda pensado en inscribirse en la carrera de leyes, porque sent\u00eda que no ten\u00eda ninguna posibilidad de convertirse en escritora.<\/p>\n\n\n\n<p>Antes de convertirse en escritora, Meyer trabajaba como recepcionista en una empresa de propiedades. El estilo de Stephenie es muy descriptivo y se basa en el dominio de los di\u00e1logos.<\/p>\n\n\n\n<p>Stephenie Meyer fue elegida como una de las autoras m\u00e1s prometedoras del 2005 en Publisher&#8217;s Weekly.<\/p>\n\n\n\n<p>Las novelas de la serie Crep\u00fasculo han ganado reconocimiento en todo el mundo y han vendido m\u00e1s de 160 millones de copias en todo el mundo, con traducciones a treinta y siete idiomas diferentes. Meyer fue la autora m\u00e1s vendida de 2008 y 2009 en los Estados Unidos, habiendo vendido m\u00e1s de veintinueve millones de libros en 2008, y veintis\u00e9is millones y medio en 2009.<\/p>\n\n\n\n<p>En 2008, Meyer tambi\u00e9n public\u00f3 The Host, que debut\u00f3 en el n\u00famero 1 en las listas de los m\u00e1s vendidos de The New York Times y Wall Street Journal. Adem\u00e1s, USA Today declar\u00f3 a Meyer \u00abAutora del A\u00f1o\u00bb, citando que hab\u00eda hecho algo que nadie m\u00e1s hab\u00eda hecho en los 15 a\u00f1os de la lista de libros m\u00e1s vendidos de USA Today: arras\u00f3 con los cuatro primeros puestos en 2008. Meyer tambi\u00e9n logr\u00f3 esta haza\u00f1a en 2009. En 2016, Meyer public\u00f3 The Chemist, que pas\u00f3 50 semanas en la lista USA Today Top 100. Midnight Sun se public\u00f3 en 2020 y fue el segundo libro m\u00e1s vendido en general del mismo a\u00f1o.<\/p>\n\n\n\n<p>Stephenie Meyer se gradu\u00f3 de la Universidad Brigham Young con una licenciatura en Literatura Inglesa. Divide su tiempo entre Arizona y Washington con su esposo. Escribir es su primera pasi\u00f3n, y su segunda, el K-pop.<\/p>\n\n\n\n<p><a href=\"https:\/\/stepheniemeyer.com\/\">https:\/\/stepheniemeyer.com\/<\/a><\/p>\n\n\n\n<hr class=\"wp-block-separator alignwide has-alpha-channel-opacity\"\/>\n\n\n\n<h2 class=\"wp-block-heading\">Libros<\/h2>\n\n\n\n<p>Serie\u00a0Crep\u00fasculo\u00a0(Twilight):<\/p>\n\n\n\n<ul class=\"wp-block-list\">\n<li>Twilight (2005) \/Crep\u00fasculo (2005)<\/li>\n\n\n\n<li>New Moon (2006) \/ Luna Nueva (2006)<\/li>\n\n\n\n<li>Eclipse (2007) \/ Eclipse (2007)<\/li>\n\n\n\n<li>Breaking Dawn (2008) \/ Amanecer (2008)<\/li>\n\n\n\n<li>The Short Second Life of Bree Tanne (2010) \/ La segunda vida de Bree Tanner (2010)<\/li>\n\n\n\n<li>Midnight Sun (2020) \/ Sol de medianoche (2020)<\/li>\n\n\n\n<li><a href=\"https:\/\/libreriaelerrante.com\/blog\/crepusculo-ed-especial-limitada-bella-y-edward-20o-aniversario\/\">Crep\u00fasculo Ed. Especial Limitada \u00abBella y Edward\u00bb (20\u00ba aniversario)<\/a><\/li>\n<\/ul>\n\n\n\n<p>Libros relacionados<\/p>\n\n\n\n<ul class=\"wp-block-list\">\n<li>The Twilight Saga: The Official Illustrated Guide (2011) \/ Saga Crep\u00fasculo: Gu\u00eda oficial ilustrada (2011)<\/li>\n\n\n\n<li>Life and Death: Twilight Reimagined (2015) \/ Vida y muerte: Crep\u00fasculo reinterpretado (2015)<\/li>\n<\/ul>\n\n\n\n<p>Novelas<\/p>\n\n\n\n<ul class=\"wp-block-list\">\n<li>The Host (2008) \/ La Hu\u00e9sped (2009)<\/li>\n\n\n\n<li>The Chemist (2016) \/ La Qu\u00edmica (2017)<\/li>\n<\/ul>\n\n\n\n<p>Cuentos juveniles<\/p>\n\n\n\n<ul class=\"wp-block-list\">\n<li>Prom Nights from Hell (2007) \/ Noches de Baile en el Infierno (2009)<\/li>\n<\/ul>\n\n\n\n<p>C\u00f3mics<\/p>\n\n\n\n<ul class=\"wp-block-list\">\n<li>Twilight: The Graphic Novel, Vol. 1\u00a0(2010) en Ingles<\/li>\n\n\n\n<li>New Moon: The Graphic Novel, Vol. 1 (2012) en Ingles<\/li>\n<\/ul>\n\n\n\n<p>No ficci\u00f3n<\/p>\n\n\n\n<ul class=\"wp-block-list\">\n<li>Hero at the Grocery Store (2006)<\/li>\n<\/ul>\n","protected":false},"excerpt":{"rendered":"<p>Stephenie Meyer Stephenie Meyer (Morgan de nacimiento) naci\u00f3 en Connecticut el 24 de diciembre de 1973 siendo hija de Stephen y Candy Morgan. Su familia se traslad\u00f3 a Phoenix (Arizona) cuando ella ten\u00eda cuatro a\u00f1os, y all\u00ed creci\u00f3 junto a sus cinco hermanos: Seth, Emily, Jacob, Paul, y Heidi. Meyer asisti\u00f3 a la escuela secundaria [&hellip;]<\/p>\n","protected":false},"author":1,"featured_media":0,"parent":0,"menu_order":0,"comment_status":"closed","ping_status":"closed","template":"","meta":{"footnotes":""},"class_list":["post-599","page","type-page","status-publish","hentry"],"blocksy_meta":{"has_hero_section":"disabled","page_structure_type":"type-1","styles_descriptor":{"styles":{"desktop":"","tablet":"","mobile":""},"google_fonts":[],"version":6}},"yoast_head":"<!-- This site is optimized with the Yoast SEO plugin v27.4 - https:\/\/yoast.com\/product\/yoast-seo-wordpress\/ -->\n<title>Stephenie Meyer - Blog<\/title>\n<meta name=\"robots\" content=\"index, follow, max-snippet:-1, max-image-preview:large, max-video-preview:-1\" \/>\n<link rel=\"canonical\" href=\"https:\/\/libreriaelerrante.com\/blog\/stephenie-meyer\/\" \/>\n<meta property=\"og:locale\" content=\"es_ES\" \/>\n<meta property=\"og:type\" content=\"article\" \/>\n<meta property=\"og:title\" content=\"Stephenie Meyer - Blog\" \/>\n<meta property=\"og:description\" content=\"Stephenie Meyer Stephenie Meyer (Morgan de nacimiento) naci\u00f3 en Connecticut el 24 de diciembre de 1973 siendo hija de Stephen y Candy Morgan. Su familia se traslad\u00f3 a Phoenix (Arizona) cuando ella ten\u00eda cuatro a\u00f1os, y all\u00ed creci\u00f3 junto a sus cinco hermanos: Seth, Emily, Jacob, Paul, y Heidi. Meyer asisti\u00f3 a la escuela secundaria [&hellip;]\" \/>\n<meta property=\"og:url\" content=\"https:\/\/libreriaelerrante.com\/blog\/stephenie-meyer\/\" \/>\n<meta property=\"og:site_name\" content=\"Blog\" \/>\n<meta property=\"article:modified_time\" content=\"2025-08-13T12:06:20+00:00\" \/>\n<meta property=\"og:image\" content=\"https:\/\/libreriaelerrante.com\/blog\/wp-content\/uploads\/2025\/08\/stephenie-meyer.jpeg\" \/>\n\t<meta property=\"og:image:width\" content=\"225\" \/>\n\t<meta property=\"og:image:height\" content=\"300\" \/>\n\t<meta property=\"og:image:type\" content=\"image\/jpeg\" \/>\n<meta name=\"twitter:card\" content=\"summary_large_image\" \/>\n<meta name=\"twitter:label1\" content=\"Tiempo de lectura\" \/>\n\t<meta name=\"twitter:data1\" content=\"3 minutos\" \/>\n<script type=\"application\/ld+json\" class=\"yoast-schema-graph\">{\"@context\":\"https:\\\/\\\/schema.org\",\"@graph\":[{\"@type\":\"WebPage\",\"@id\":\"https:\\\/\\\/libreriaelerrante.com\\\/blog\\\/stephenie-meyer\\\/\",\"url\":\"https:\\\/\\\/libreriaelerrante.com\\\/blog\\\/stephenie-meyer\\\/\",\"name\":\"Stephenie Meyer - Blog\",\"isPartOf\":{\"@id\":\"https:\\\/\\\/libreriaelerrante.com\\\/blog\\\/#website\"},\"primaryImageOfPage\":{\"@id\":\"https:\\\/\\\/libreriaelerrante.com\\\/blog\\\/stephenie-meyer\\\/#primaryimage\"},\"image\":{\"@id\":\"https:\\\/\\\/libreriaelerrante.com\\\/blog\\\/stephenie-meyer\\\/#primaryimage\"},\"thumbnailUrl\":\"https:\\\/\\\/libreriaelerrante.com\\\/blog\\\/wp-content\\\/uploads\\\/2025\\\/08\\\/stephenie-meyer.jpeg\",\"datePublished\":\"2025-08-13T12:06:19+00:00\",\"dateModified\":\"2025-08-13T12:06:20+00:00\",\"breadcrumb\":{\"@id\":\"https:\\\/\\\/libreriaelerrante.com\\\/blog\\\/stephenie-meyer\\\/#breadcrumb\"},\"inLanguage\":\"es\",\"potentialAction\":[{\"@type\":\"ReadAction\",\"target\":[\"https:\\\/\\\/libreriaelerrante.com\\\/blog\\\/stephenie-meyer\\\/\"]}]},{\"@type\":\"ImageObject\",\"inLanguage\":\"es\",\"@id\":\"https:\\\/\\\/libreriaelerrante.com\\\/blog\\\/stephenie-meyer\\\/#primaryimage\",\"url\":\"https:\\\/\\\/libreriaelerrante.com\\\/blog\\\/wp-content\\\/uploads\\\/2025\\\/08\\\/stephenie-meyer.jpeg\",\"contentUrl\":\"https:\\\/\\\/libreriaelerrante.com\\\/blog\\\/wp-content\\\/uploads\\\/2025\\\/08\\\/stephenie-meyer.jpeg\",\"width\":225,\"height\":300},{\"@type\":\"BreadcrumbList\",\"@id\":\"https:\\\/\\\/libreriaelerrante.com\\\/blog\\\/stephenie-meyer\\\/#breadcrumb\",\"itemListElement\":[{\"@type\":\"ListItem\",\"position\":1,\"name\":\"Portada\",\"item\":\"https:\\\/\\\/libreriaelerrante.com\\\/blog\\\/\"},{\"@type\":\"ListItem\",\"position\":2,\"name\":\"Stephenie Meyer\"}]},{\"@type\":\"WebSite\",\"@id\":\"https:\\\/\\\/libreriaelerrante.com\\\/blog\\\/#website\",\"url\":\"https:\\\/\\\/libreriaelerrante.com\\\/blog\\\/\",\"name\":\"Blog\",\"description\":\"\",\"publisher\":{\"@id\":\"https:\\\/\\\/libreriaelerrante.com\\\/blog\\\/#organization\"},\"potentialAction\":[{\"@type\":\"SearchAction\",\"target\":{\"@type\":\"EntryPoint\",\"urlTemplate\":\"https:\\\/\\\/libreriaelerrante.com\\\/blog\\\/?s={search_term_string}\"},\"query-input\":{\"@type\":\"PropertyValueSpecification\",\"valueRequired\":true,\"valueName\":\"search_term_string\"}}],\"inLanguage\":\"es\"},{\"@type\":\"Organization\",\"@id\":\"https:\\\/\\\/libreriaelerrante.com\\\/blog\\\/#organization\",\"name\":\"Blog\",\"url\":\"https:\\\/\\\/libreriaelerrante.com\\\/blog\\\/\",\"logo\":{\"@type\":\"ImageObject\",\"inLanguage\":\"es\",\"@id\":\"https:\\\/\\\/libreriaelerrante.com\\\/blog\\\/#\\\/schema\\\/logo\\\/image\\\/\",\"url\":\"https:\\\/\\\/libreriaelerrante.com\\\/blog\\\/wp-content\\\/uploads\\\/2025\\\/07\\\/1.webp\",\"contentUrl\":\"https:\\\/\\\/libreriaelerrante.com\\\/blog\\\/wp-content\\\/uploads\\\/2025\\\/07\\\/1.webp\",\"width\":1024,\"height\":1024,\"caption\":\"Blog\"},\"image\":{\"@id\":\"https:\\\/\\\/libreriaelerrante.com\\\/blog\\\/#\\\/schema\\\/logo\\\/image\\\/\"}}]}<\/script>\n<!-- \/ Yoast SEO plugin. -->","yoast_head_json":{"title":"Stephenie Meyer - Blog","robots":{"index":"index","follow":"follow","max-snippet":"max-snippet:-1","max-image-preview":"max-image-preview:large","max-video-preview":"max-video-preview:-1"},"canonical":"https:\/\/libreriaelerrante.com\/blog\/stephenie-meyer\/","og_locale":"es_ES","og_type":"article","og_title":"Stephenie Meyer - Blog","og_description":"Stephenie Meyer Stephenie Meyer (Morgan de nacimiento) naci\u00f3 en Connecticut el 24 de diciembre de 1973 siendo hija de Stephen y Candy Morgan. Su familia se traslad\u00f3 a Phoenix (Arizona) cuando ella ten\u00eda cuatro a\u00f1os, y all\u00ed creci\u00f3 junto a sus cinco hermanos: Seth, Emily, Jacob, Paul, y Heidi. Meyer asisti\u00f3 a la escuela secundaria [&hellip;]","og_url":"https:\/\/libreriaelerrante.com\/blog\/stephenie-meyer\/","og_site_name":"Blog","article_modified_time":"2025-08-13T12:06:20+00:00","og_image":[{"width":225,"height":300,"url":"https:\/\/libreriaelerrante.com\/blog\/wp-content\/uploads\/2025\/08\/stephenie-meyer.jpeg","type":"image\/jpeg"}],"twitter_card":"summary_large_image","twitter_misc":{"Tiempo de lectura":"3 minutos"},"schema":{"@context":"https:\/\/schema.org","@graph":[{"@type":"WebPage","@id":"https:\/\/libreriaelerrante.com\/blog\/stephenie-meyer\/","url":"https:\/\/libreriaelerrante.com\/blog\/stephenie-meyer\/","name":"Stephenie Meyer - Blog","isPartOf":{"@id":"https:\/\/libreriaelerrante.com\/blog\/#website"},"primaryImageOfPage":{"@id":"https:\/\/libreriaelerrante.com\/blog\/stephenie-meyer\/#primaryimage"},"image":{"@id":"https:\/\/libreriaelerrante.com\/blog\/stephenie-meyer\/#primaryimage"},"thumbnailUrl":"https:\/\/libreriaelerrante.com\/blog\/wp-content\/uploads\/2025\/08\/stephenie-meyer.jpeg","datePublished":"2025-08-13T12:06:19+00:00","dateModified":"2025-08-13T12:06:20+00:00","breadcrumb":{"@id":"https:\/\/libreriaelerrante.com\/blog\/stephenie-meyer\/#breadcrumb"},"inLanguage":"es","potentialAction":[{"@type":"ReadAction","target":["https:\/\/libreriaelerrante.com\/blog\/stephenie-meyer\/"]}]},{"@type":"ImageObject","inLanguage":"es","@id":"https:\/\/libreriaelerrante.com\/blog\/stephenie-meyer\/#primaryimage","url":"https:\/\/libreriaelerrante.com\/blog\/wp-content\/uploads\/2025\/08\/stephenie-meyer.jpeg","contentUrl":"https:\/\/libreriaelerrante.com\/blog\/wp-content\/uploads\/2025\/08\/stephenie-meyer.jpeg","width":225,"height":300},{"@type":"BreadcrumbList","@id":"https:\/\/libreriaelerrante.com\/blog\/stephenie-meyer\/#breadcrumb","itemListElement":[{"@type":"ListItem","position":1,"name":"Portada","item":"https:\/\/libreriaelerrante.com\/blog\/"},{"@type":"ListItem","position":2,"name":"Stephenie Meyer"}]},{"@type":"WebSite","@id":"https:\/\/libreriaelerrante.com\/blog\/#website","url":"https:\/\/libreriaelerrante.com\/blog\/","name":"Blog","description":"","publisher":{"@id":"https:\/\/libreriaelerrante.com\/blog\/#organization"},"potentialAction":[{"@type":"SearchAction","target":{"@type":"EntryPoint","urlTemplate":"https:\/\/libreriaelerrante.com\/blog\/?s={search_term_string}"},"query-input":{"@type":"PropertyValueSpecification","valueRequired":true,"valueName":"search_term_string"}}],"inLanguage":"es"},{"@type":"Organization","@id":"https:\/\/libreriaelerrante.com\/blog\/#organization","name":"Blog","url":"https:\/\/libreriaelerrante.com\/blog\/","logo":{"@type":"ImageObject","inLanguage":"es","@id":"https:\/\/libreriaelerrante.com\/blog\/#\/schema\/logo\/image\/","url":"https:\/\/libreriaelerrante.com\/blog\/wp-content\/uploads\/2025\/07\/1.webp","contentUrl":"https:\/\/libreriaelerrante.com\/blog\/wp-content\/uploads\/2025\/07\/1.webp","width":1024,"height":1024,"caption":"Blog"},"image":{"@id":"https:\/\/libreriaelerrante.com\/blog\/#\/schema\/logo\/image\/"}}]}},"_links":{"self":[{"href":"https:\/\/libreriaelerrante.com\/blog\/wp-json\/wp\/v2\/pages\/599","targetHints":{"allow":["GET"]}}],"collection":[{"href":"https:\/\/libreriaelerrante.com\/blog\/wp-json\/wp\/v2\/pages"}],"about":[{"href":"https:\/\/libreriaelerrante.com\/blog\/wp-json\/wp\/v2\/types\/page"}],"author":[{"embeddable":true,"href":"https:\/\/libreriaelerrante.com\/blog\/wp-json\/wp\/v2\/users\/1"}],"replies":[{"embeddable":true,"href":"https:\/\/libreriaelerrante.com\/blog\/wp-json\/wp\/v2\/comments?post=599"}],"version-history":[{"count":1,"href":"https:\/\/libreriaelerrante.com\/blog\/wp-json\/wp\/v2\/pages\/599\/revisions"}],"predecessor-version":[{"id":601,"href":"https:\/\/libreriaelerrante.com\/blog\/wp-json\/wp\/v2\/pages\/599\/revisions\/601"}],"wp:attachment":[{"href":"https:\/\/libreriaelerrante.com\/blog\/wp-json\/wp\/v2\/media?parent=599"}],"curies":[{"name":"wp","href":"https:\/\/api.w.org\/{rel}","templated":true}]}}