{"id":166,"date":"2025-07-23T11:54:38","date_gmt":"2025-07-23T11:54:38","guid":{"rendered":"https:\/\/libreriaelerrante.com\/blog\/?page_id=166"},"modified":"2025-07-25T08:45:29","modified_gmt":"2025-07-25T08:45:29","slug":"keri-lake","status":"publish","type":"page","link":"https:\/\/libreriaelerrante.com\/blog\/keri-lake\/","title":{"rendered":"Keri Lake"},"content":{"rendered":"\n<h1 class=\"wp-block-heading has-text-align-center\">Keri Lake<\/h1>\n\n\n\n<div class=\"wp-block-media-text is-stacked-on-mobile is-vertically-aligned-top\" style=\"grid-template-columns:35% auto\"><figure class=\"wp-block-media-text__media\"><img loading=\"lazy\" decoding=\"async\" width=\"225\" height=\"300\" src=\"https:\/\/libreriaelerrante.com\/blog\/wp-content\/uploads\/2025\/07\/keri-lake.webp\" alt=\"\" class=\"wp-image-167 size-full\"\/><\/figure><div class=\"wp-block-media-text__content\">\n<p><strong>Keri Lake<\/strong>&nbsp;es una escritora de novelas rom\u00e1nticas g\u00f3ticas especializada en la lucha contra demonios, la venganza y los giros argumentales perversos. Sus historias son descarnadas, con antih\u00e9roes que se sit\u00faan entre el bien y el mal y hero\u00ednas poderosas que los ponen de rodillas. Cuando no est\u00e1 escribiendo, le gusta pasar tiempo con su marido, sus hijas, su labrador (que no obedece nunca) y su cachorro. Se alimenta de caf\u00e9 fuerte y m\u00fasica alternativa, adora un buen vino tinto y tiene una ligera adicci\u00f3n al chocolate negro. Su primera novela traducida al espa\u00f1ol,&nbsp;<em>Anatema<\/em>, el primer volumen de la trilog\u00eda \u00abEl Bosque Voraz\u00bb, es un \u00e9xito internacional que ha conquistado a una legi\u00f3n de lectores.<\/p>\n<\/div><\/div>\n\n\n\n<p><a href=\"https:\/\/www.kerilake.com\">https:\/\/www.kerilake.com<\/a><\/p>\n\n\n\n<hr class=\"wp-block-separator has-alpha-channel-opacity is-style-wide\"\/>\n\n\n\n<h2 class=\"wp-block-heading\">Libros<\/h2>\n\n\n\n<ul class=\"wp-block-list\">\n<li>Somnium (2011)<\/li>\n\n\n\n<li>Soul Unchained<\/li>\n\n\n\n<li>A Night in Obsidius (2013)<\/li>\n\n\n\n<li>Soul Avenged (2013)<\/li>\n\n\n\n<li>Soul Enslaved (2014)<\/li>\n\n\n\n<li>The Fallen (2014)<\/li>\n\n\n\n<li>Ricochet (2015)<\/li>\n\n\n\n<li>Pistol Whipped (2016)<\/li>\n\n\n\n<li>Backfire (2016)<\/li>\n\n\n\n<li>Slice of Life<\/li>\n\n\n\n<li>Soul Redeemed (2017)<\/li>\n\n\n\n<li>Juniper Unraveling (2017)<\/li>\n\n\n\n<li>Ripple Effect (2017)<\/li>\n\n\n\n<li>Ripple Effect: Episode One (2017)<\/li>\n\n\n\n<li>Ripple Effect: Episode Two (2017)<\/li>\n\n\n\n<li>Ripple Effect: Episode Three (2017)<\/li>\n\n\n\n<li>Ripple Effect: Episode Four (2017)<\/li>\n\n\n\n<li>Intrepid (2018)<\/li>\n\n\n\n<li>Ballistic (2018)<\/li>\n\n\n\n<li>Absolution (2019)<\/li>\n\n\n\n<li>Calico Descending (2019)<\/li>\n\n\n\n<li>Kings of Carrion (2019)<\/li>\n\n\n\n<li>Nocturnes &amp; Nightmares (2019)<\/li>\n\n\n\n<li>Requiem &amp; Reverie (2019)<\/li>\n\n\n\n<li>God of Monsters (2020)<\/li>\n\n\n\n<li>Master of Salt &amp; Bones (2020)<\/li>\n\n\n\n<li>The Isle of Sin and Shadows (2021)<\/li>\n\n\n\n<li>Nightshade (2021)<\/li>\n\n\n\n<li>Infernium (2022)<\/li>\n\n\n\n<li>Nocticadia (2023)<\/li>\n\n\n\n<li>Phobia (2023)<\/li>\n\n\n\n<li>Anathema (2024)<\/li>\n\n\n\n<li>Eldritch (2025)<\/li>\n\n\n\n<li><a href=\"https:\/\/libreriaelerrante.com\/tienda\/preventas\/anatema\/\">Anatema (2025) espa\u00f1ol<\/a><\/li>\n<\/ul>\n\n\n\n<p><\/p>\n","protected":false},"excerpt":{"rendered":"<p>Keri Lake Keri Lake&nbsp;es una escritora de novelas rom\u00e1nticas g\u00f3ticas especializada en la lucha contra demonios, la venganza y los giros argumentales perversos. Sus historias son descarnadas, con antih\u00e9roes que se sit\u00faan entre el bien y el mal y hero\u00ednas poderosas que los ponen de rodillas. Cuando no est\u00e1 escribiendo, le gusta pasar tiempo con [&hellip;]<\/p>\n","protected":false},"author":1,"featured_media":0,"parent":0,"menu_order":0,"comment_status":"closed","ping_status":"closed","template":"","meta":{"footnotes":""},"class_list":["post-166","page","type-page","status-publish","hentry"],"blocksy_meta":{"page_structure_type":"type-1","styles_descriptor":{"styles":{"desktop":"","tablet":"","mobile":""},"google_fonts":[],"version":6},"has_hero_section":"disabled"},"yoast_head":"<!-- This site is optimized with the Yoast SEO plugin v27.4 - https:\/\/yoast.com\/product\/yoast-seo-wordpress\/ -->\n<title>Keri Lake - Blog<\/title>\n<meta name=\"robots\" content=\"index, follow, max-snippet:-1, max-image-preview:large, max-video-preview:-1\" \/>\n<link rel=\"canonical\" href=\"https:\/\/libreriaelerrante.com\/blog\/keri-lake\/\" \/>\n<meta property=\"og:locale\" content=\"es_ES\" \/>\n<meta property=\"og:type\" content=\"article\" \/>\n<meta property=\"og:title\" content=\"Keri Lake - Blog\" \/>\n<meta property=\"og:description\" content=\"Keri Lake Keri Lake&nbsp;es una escritora de novelas rom\u00e1nticas g\u00f3ticas especializada en la lucha contra demonios, la venganza y los giros argumentales perversos. Sus historias son descarnadas, con antih\u00e9roes que se sit\u00faan entre el bien y el mal y hero\u00ednas poderosas que los ponen de rodillas. Cuando no est\u00e1 escribiendo, le gusta pasar tiempo con [&hellip;]\" \/>\n<meta property=\"og:url\" content=\"https:\/\/libreriaelerrante.com\/blog\/keri-lake\/\" \/>\n<meta property=\"og:site_name\" content=\"Blog\" \/>\n<meta property=\"article:modified_time\" content=\"2025-07-25T08:45:29+00:00\" \/>\n<meta property=\"og:image\" content=\"https:\/\/libreriaelerrante.com\/blog\/wp-content\/uploads\/2025\/07\/keri-lake.webp\" \/>\n\t<meta property=\"og:image:width\" content=\"225\" \/>\n\t<meta property=\"og:image:height\" content=\"300\" \/>\n\t<meta property=\"og:image:type\" content=\"image\/webp\" \/>\n<meta name=\"twitter:card\" content=\"summary_large_image\" \/>\n<meta name=\"twitter:label1\" content=\"Tiempo de lectura\" \/>\n\t<meta name=\"twitter:data1\" content=\"2 minutos\" \/>\n<script type=\"application\/ld+json\" class=\"yoast-schema-graph\">{\"@context\":\"https:\\\/\\\/schema.org\",\"@graph\":[{\"@type\":\"WebPage\",\"@id\":\"https:\\\/\\\/libreriaelerrante.com\\\/blog\\\/keri-lake\\\/\",\"url\":\"https:\\\/\\\/libreriaelerrante.com\\\/blog\\\/keri-lake\\\/\",\"name\":\"Keri Lake - Blog\",\"isPartOf\":{\"@id\":\"https:\\\/\\\/libreriaelerrante.com\\\/blog\\\/#website\"},\"primaryImageOfPage\":{\"@id\":\"https:\\\/\\\/libreriaelerrante.com\\\/blog\\\/keri-lake\\\/#primaryimage\"},\"image\":{\"@id\":\"https:\\\/\\\/libreriaelerrante.com\\\/blog\\\/keri-lake\\\/#primaryimage\"},\"thumbnailUrl\":\"https:\\\/\\\/libreriaelerrante.com\\\/blog\\\/wp-content\\\/uploads\\\/2025\\\/07\\\/keri-lake.webp\",\"datePublished\":\"2025-07-23T11:54:38+00:00\",\"dateModified\":\"2025-07-25T08:45:29+00:00\",\"breadcrumb\":{\"@id\":\"https:\\\/\\\/libreriaelerrante.com\\\/blog\\\/keri-lake\\\/#breadcrumb\"},\"inLanguage\":\"es\",\"potentialAction\":[{\"@type\":\"ReadAction\",\"target\":[\"https:\\\/\\\/libreriaelerrante.com\\\/blog\\\/keri-lake\\\/\"]}]},{\"@type\":\"ImageObject\",\"inLanguage\":\"es\",\"@id\":\"https:\\\/\\\/libreriaelerrante.com\\\/blog\\\/keri-lake\\\/#primaryimage\",\"url\":\"https:\\\/\\\/libreriaelerrante.com\\\/blog\\\/wp-content\\\/uploads\\\/2025\\\/07\\\/keri-lake.webp\",\"contentUrl\":\"https:\\\/\\\/libreriaelerrante.com\\\/blog\\\/wp-content\\\/uploads\\\/2025\\\/07\\\/keri-lake.webp\",\"width\":225,\"height\":300},{\"@type\":\"BreadcrumbList\",\"@id\":\"https:\\\/\\\/libreriaelerrante.com\\\/blog\\\/keri-lake\\\/#breadcrumb\",\"itemListElement\":[{\"@type\":\"ListItem\",\"position\":1,\"name\":\"Portada\",\"item\":\"https:\\\/\\\/libreriaelerrante.com\\\/blog\\\/\"},{\"@type\":\"ListItem\",\"position\":2,\"name\":\"Keri Lake\"}]},{\"@type\":\"WebSite\",\"@id\":\"https:\\\/\\\/libreriaelerrante.com\\\/blog\\\/#website\",\"url\":\"https:\\\/\\\/libreriaelerrante.com\\\/blog\\\/\",\"name\":\"Blog\",\"description\":\"\",\"publisher\":{\"@id\":\"https:\\\/\\\/libreriaelerrante.com\\\/blog\\\/#organization\"},\"potentialAction\":[{\"@type\":\"SearchAction\",\"target\":{\"@type\":\"EntryPoint\",\"urlTemplate\":\"https:\\\/\\\/libreriaelerrante.com\\\/blog\\\/?s={search_term_string}\"},\"query-input\":{\"@type\":\"PropertyValueSpecification\",\"valueRequired\":true,\"valueName\":\"search_term_string\"}}],\"inLanguage\":\"es\"},{\"@type\":\"Organization\",\"@id\":\"https:\\\/\\\/libreriaelerrante.com\\\/blog\\\/#organization\",\"name\":\"Blog\",\"url\":\"https:\\\/\\\/libreriaelerrante.com\\\/blog\\\/\",\"logo\":{\"@type\":\"ImageObject\",\"inLanguage\":\"es\",\"@id\":\"https:\\\/\\\/libreriaelerrante.com\\\/blog\\\/#\\\/schema\\\/logo\\\/image\\\/\",\"url\":\"https:\\\/\\\/libreriaelerrante.com\\\/blog\\\/wp-content\\\/uploads\\\/2025\\\/07\\\/1.webp\",\"contentUrl\":\"https:\\\/\\\/libreriaelerrante.com\\\/blog\\\/wp-content\\\/uploads\\\/2025\\\/07\\\/1.webp\",\"width\":1024,\"height\":1024,\"caption\":\"Blog\"},\"image\":{\"@id\":\"https:\\\/\\\/libreriaelerrante.com\\\/blog\\\/#\\\/schema\\\/logo\\\/image\\\/\"}}]}<\/script>\n<!-- \/ Yoast SEO plugin. -->","yoast_head_json":{"title":"Keri Lake - Blog","robots":{"index":"index","follow":"follow","max-snippet":"max-snippet:-1","max-image-preview":"max-image-preview:large","max-video-preview":"max-video-preview:-1"},"canonical":"https:\/\/libreriaelerrante.com\/blog\/keri-lake\/","og_locale":"es_ES","og_type":"article","og_title":"Keri Lake - Blog","og_description":"Keri Lake Keri Lake&nbsp;es una escritora de novelas rom\u00e1nticas g\u00f3ticas especializada en la lucha contra demonios, la venganza y los giros argumentales perversos. Sus historias son descarnadas, con antih\u00e9roes que se sit\u00faan entre el bien y el mal y hero\u00ednas poderosas que los ponen de rodillas. Cuando no est\u00e1 escribiendo, le gusta pasar tiempo con [&hellip;]","og_url":"https:\/\/libreriaelerrante.com\/blog\/keri-lake\/","og_site_name":"Blog","article_modified_time":"2025-07-25T08:45:29+00:00","og_image":[{"width":225,"height":300,"url":"https:\/\/libreriaelerrante.com\/blog\/wp-content\/uploads\/2025\/07\/keri-lake.webp","type":"image\/webp"}],"twitter_card":"summary_large_image","twitter_misc":{"Tiempo de lectura":"2 minutos"},"schema":{"@context":"https:\/\/schema.org","@graph":[{"@type":"WebPage","@id":"https:\/\/libreriaelerrante.com\/blog\/keri-lake\/","url":"https:\/\/libreriaelerrante.com\/blog\/keri-lake\/","name":"Keri Lake - Blog","isPartOf":{"@id":"https:\/\/libreriaelerrante.com\/blog\/#website"},"primaryImageOfPage":{"@id":"https:\/\/libreriaelerrante.com\/blog\/keri-lake\/#primaryimage"},"image":{"@id":"https:\/\/libreriaelerrante.com\/blog\/keri-lake\/#primaryimage"},"thumbnailUrl":"https:\/\/libreriaelerrante.com\/blog\/wp-content\/uploads\/2025\/07\/keri-lake.webp","datePublished":"2025-07-23T11:54:38+00:00","dateModified":"2025-07-25T08:45:29+00:00","breadcrumb":{"@id":"https:\/\/libreriaelerrante.com\/blog\/keri-lake\/#breadcrumb"},"inLanguage":"es","potentialAction":[{"@type":"ReadAction","target":["https:\/\/libreriaelerrante.com\/blog\/keri-lake\/"]}]},{"@type":"ImageObject","inLanguage":"es","@id":"https:\/\/libreriaelerrante.com\/blog\/keri-lake\/#primaryimage","url":"https:\/\/libreriaelerrante.com\/blog\/wp-content\/uploads\/2025\/07\/keri-lake.webp","contentUrl":"https:\/\/libreriaelerrante.com\/blog\/wp-content\/uploads\/2025\/07\/keri-lake.webp","width":225,"height":300},{"@type":"BreadcrumbList","@id":"https:\/\/libreriaelerrante.com\/blog\/keri-lake\/#breadcrumb","itemListElement":[{"@type":"ListItem","position":1,"name":"Portada","item":"https:\/\/libreriaelerrante.com\/blog\/"},{"@type":"ListItem","position":2,"name":"Keri Lake"}]},{"@type":"WebSite","@id":"https:\/\/libreriaelerrante.com\/blog\/#website","url":"https:\/\/libreriaelerrante.com\/blog\/","name":"Blog","description":"","publisher":{"@id":"https:\/\/libreriaelerrante.com\/blog\/#organization"},"potentialAction":[{"@type":"SearchAction","target":{"@type":"EntryPoint","urlTemplate":"https:\/\/libreriaelerrante.com\/blog\/?s={search_term_string}"},"query-input":{"@type":"PropertyValueSpecification","valueRequired":true,"valueName":"search_term_string"}}],"inLanguage":"es"},{"@type":"Organization","@id":"https:\/\/libreriaelerrante.com\/blog\/#organization","name":"Blog","url":"https:\/\/libreriaelerrante.com\/blog\/","logo":{"@type":"ImageObject","inLanguage":"es","@id":"https:\/\/libreriaelerrante.com\/blog\/#\/schema\/logo\/image\/","url":"https:\/\/libreriaelerrante.com\/blog\/wp-content\/uploads\/2025\/07\/1.webp","contentUrl":"https:\/\/libreriaelerrante.com\/blog\/wp-content\/uploads\/2025\/07\/1.webp","width":1024,"height":1024,"caption":"Blog"},"image":{"@id":"https:\/\/libreriaelerrante.com\/blog\/#\/schema\/logo\/image\/"}}]}},"_links":{"self":[{"href":"https:\/\/libreriaelerrante.com\/blog\/wp-json\/wp\/v2\/pages\/166","targetHints":{"allow":["GET"]}}],"collection":[{"href":"https:\/\/libreriaelerrante.com\/blog\/wp-json\/wp\/v2\/pages"}],"about":[{"href":"https:\/\/libreriaelerrante.com\/blog\/wp-json\/wp\/v2\/types\/page"}],"author":[{"embeddable":true,"href":"https:\/\/libreriaelerrante.com\/blog\/wp-json\/wp\/v2\/users\/1"}],"replies":[{"embeddable":true,"href":"https:\/\/libreriaelerrante.com\/blog\/wp-json\/wp\/v2\/comments?post=166"}],"version-history":[{"count":6,"href":"https:\/\/libreriaelerrante.com\/blog\/wp-json\/wp\/v2\/pages\/166\/revisions"}],"predecessor-version":[{"id":550,"href":"https:\/\/libreriaelerrante.com\/blog\/wp-json\/wp\/v2\/pages\/166\/revisions\/550"}],"wp:attachment":[{"href":"https:\/\/libreriaelerrante.com\/blog\/wp-json\/wp\/v2\/media?parent=166"}],"curies":[{"name":"wp","href":"https:\/\/api.w.org\/{rel}","templated":true}]}}